{"id":5131,"date":"2025-05-16T13:37:39","date_gmt":"2025-05-16T11:37:39","guid":{"rendered":"https:\/\/www.glomeda.org\/?post_type=tribe_events&#038;p=5131"},"modified":"2025-05-22T13:40:27","modified_gmt":"2025-05-22T11:40:27","slug":"senigallia-an-dalla-serbia-in-rivolta-testimonianze-in-diretta-online-arvultura","status":"publish","type":"tribe_events","link":"https:\/\/www.glomeda.org\/index.php\/event\/senigallia-an-dalla-serbia-in-rivolta-testimonianze-in-diretta-online-arvultura\/","title":{"rendered":"Senigallia (An) &#8211; Dalla Serbia in rivolta: testimonianze in diretta online @ Arvultura"},"content":{"rendered":"<div class=\"xdj266r x11i5rnm xat24cr x1mh8g0r x1vvkbs\">Belgrado &#8211; \u201cChiudete l\u2019universit\u00e0, aprite gli occhi\u201d, recita un cartello fuori dalla facolt\u00e0 di filosofia dell\u2019universit\u00e0 di Belgrado, la capitale della Serbia. Le proteste in Serbia non hanno mai risuonato cos\u00ec forte, non in tempi recenti.<\/div>\n<div class=\"x11i5rnm xat24cr x1mh8g0r x1vvkbs xtlvy1s\">A rimettere in moto la storia in Serbia \u00e8 stato un evento a prima vista secondario: il crollo di una pensilina alla stazione di Novi Sad. La rabbia dopo il crollo che ha ucciso 15 persone ha accesso il malcontento contro il governo per appalti truccati, clientelismo e corruzione, dando inizio alle proteste.<\/div>\n<div class=\"x11i5rnm xat24cr x1mh8g0r x1vvkbs xtlvy1s\">Il 22 novembre, per\u00f2, il centro del dissenso diventa la facolt\u00e0 di arte drammatica di Belgrado, dove gli studenti subiscono un&#8217;altra durissima repressione.<\/div>\n<div class=\"x11i5rnm xat24cr x1mh8g0r x1vvkbs xtlvy1s\">Da allora \u00e8 stato un crescendo: agli studenti si sono uniti i camionisti, le famiglie e si \u00e8 creata una coalizione sempre pi\u00f9 ampia contro il sistema di potere del presidente. Il risultato \u00e8 stata la pi\u00f9 grande manifestazione della storia della Serbia: fra 110.000 e 200.000 persone sono scese in piazza.<\/div>\n<div class=\"x11i5rnm xat24cr x1mh8g0r x1vvkbs xtlvy1s\">Di tutto questo parleremo in diretta online con Darija e Zeljko, attivisti di Led Art (collettivo di Novi Sad che promuove ideologia e arte, politica e performance, in un contesto urbano e in tempi turbolenti) e con Andreja Kargacin (danzatrice e attivista).<\/div>\n<div class=\"x11i5rnm xat24cr x1mh8g0r x1vvkbs xtlvy1s\"><\/div>\n<div class=\"x11i5rnm xat24cr x1mh8g0r x1vvkbs xtlvy1s\">Dettagli sugli attivisti e sulle realt\u00e0 serbe con le quali ci confronteremo:<\/div>\n<div class=\"x11i5rnm xat24cr x1mh8g0r x1vvkbs xtlvy1s\"><a class=\"x1i10hfl xjbqb8w x1ejq31n xd10rxx x1sy0etr x17r0tee x972fbf xcfux6l x1qhh985 xm0m39n x9f619 x1ypdohk xt0psk2 xe8uvvx xdj266r x11i5rnm xat24cr x1mh8g0r xexx8yu x4uap5 x18d9i69 xkhd6sd x16tdsg8 x1hl2dhg xggy1nq x1a2a7pz xkrqix3 x1sur9pj x1fey0fg x1s688f\" tabindex=\"0\" role=\"link\" href=\"https:\/\/visitdistrikt.rs\/en\/2022\/06\/29\/art-under-ice-recapitulation-30-years-of-led-art\/?fbclid=IwZXh0bgNhZW0CMTAAYnJpZBExRGYzUmdsN3ZGYjJJV29NMwEeMbAhMN7nJ6e_RS09YHvC136W3VEh_sGatatT6QP4GcLOLLoqubvu9un04ko_aem_zHrl3pbysLGV9mhYV5vpSA\" target=\"_blank\" rel=\"nofollow noopener noreferrer\">https:\/\/visitdistrikt.rs\/&#8230;\/art-under-ice&#8230;\/<\/a><\/div>\n<div class=\"x11i5rnm xat24cr x1mh8g0r x1vvkbs xtlvy1s\"><a class=\"x1i10hfl xjbqb8w x1ejq31n xd10rxx x1sy0etr x17r0tee x972fbf xcfux6l x1qhh985 xm0m39n x9f619 x1ypdohk xt0psk2 xe8uvvx xdj266r x11i5rnm xat24cr x1mh8g0r xexx8yu x4uap5 x18d9i69 xkhd6sd x16tdsg8 x1hl2dhg xggy1nq x1a2a7pz xkrqix3 x1sur9pj x1fey0fg x1s688f\" tabindex=\"0\" role=\"link\" href=\"https:\/\/www.instagram.com\/skup.udruzenje?igsh=MTdkOG1yMWJjMjJ6Nw%3D%3D&amp;fbclid=IwZXh0bgNhZW0CMTAAYnJpZBExRGYzUmdsN3ZGYjJJV29NMwEeqxkhB4WfxnPbfP9EMdRmYa9-a40fKtIQ8pf4TqQ7_Sk1dNKI8endBs5zctQ_aem_gN9RxQDSuvoOQuHLrW92Qg\" target=\"_blank\" rel=\"nofollow noopener noreferrer\">https:\/\/www.instagram.com\/skup.udruzenje?igsh=MTdkOG1yMWJjMjJ6Nw==<\/a><\/div>\n<div class=\"x11i5rnm xat24cr x1mh8g0r x1vvkbs xtlvy1s\"><a class=\"x1i10hfl xjbqb8w x1ejq31n xd10rxx x1sy0etr x17r0tee x972fbf xcfux6l x1qhh985 xm0m39n x9f619 x1ypdohk xt0psk2 xe8uvvx xdj266r x11i5rnm xat24cr x1mh8g0r xexx8yu x4uap5 x18d9i69 xkhd6sd x16tdsg8 x1hl2dhg xggy1nq x1a2a7pz xkrqix3 x1sur9pj x1fey0fg x1s688f\" tabindex=\"0\" role=\"link\" href=\"https:\/\/www.instagram.com\/daria.dragoilovic?igsh=MTl5NHR1cnBpMHdoMw%3D%3D&amp;fbclid=IwZXh0bgNhZW0CMTAAYnJpZBExRGYzUmdsN3ZGYjJJV29NMwEeqxkhB4WfxnPbfP9EMdRmYa9-a40fKtIQ8pf4TqQ7_Sk1dNKI8endBs5zctQ_aem_gN9RxQDSuvoOQuHLrW92Qg\" target=\"_blank\" rel=\"nofollow noopener noreferrer\">https:\/\/www.instagram.com\/daria.dragoilovic?igsh=MTl5NHR1cnBpMHdoMw==<\/a><\/div>\n<div><\/div>\n<div class=\"x11i5rnm xat24cr x1mh8g0r x1vvkbs xtlvy1s\">\u017deljko bio:<\/div>\n<div class=\"x11i5rnm xat24cr x1mh8g0r x1vvkbs xtlvy1s\">Since 2005, he has been active in the sphere of culture and art in various ways. He has been a cultural manager, organizer, producer, songwriter, and cultural worker within numerous artistic programs. He has successfully prepared, implemented, and participated in over 50 different projects in cooperation with donors such as the Ministry of Culture of the Republic of Serbia, the Secretariat for Culture of the City of Novi Sad, Erste Bank &#8211; Centrifuge Fund, Goethe Institute &#8211; Government of Germany, Open Society Foundations, etc. Founder of several non-governmental organizations in the field of culture and art.<\/div>\n<div class=\"x11i5rnm xat24cr x1mh8g0r x1vvkbs xtlvy1s\"><a class=\"x1i10hfl xjbqb8w x1ejq31n xd10rxx x1sy0etr x17r0tee x972fbf xcfux6l x1qhh985 xm0m39n x9f619 x1ypdohk xt0psk2 xe8uvvx xdj266r x11i5rnm xat24cr x1mh8g0r xexx8yu x4uap5 x18d9i69 xkhd6sd x16tdsg8 x1hl2dhg xggy1nq x1a2a7pz xkrqix3 x1sur9pj x1fey0fg x1s688f\" tabindex=\"0\" role=\"link\" href=\"https:\/\/www.instagram.com\/andrejakargacin?igsh=MTk3ZjdqcDR2YnJ1bw%3D%3D&amp;fbclid=IwZXh0bgNhZW0CMTAAYnJpZBExRGYzUmdsN3ZGYjJJV29NMwEeQKkQFIk7ozhBkIUB_TtKTDA8pPTFekhTNeo5xZ78Vmnev_qCKtL0_2Sz5Xk_aem_mjm3VcNHeHt2dqdEaytV2w\" target=\"_blank\" rel=\"nofollow noopener noreferrer\">https:\/\/www.instagram.com\/andrejakargacin?igsh=MTk3ZjdqcDR2YnJ1bw==<\/a><\/div>\n","protected":false},"excerpt":{"rendered":"<p>Belgrado &#8211; \u201cChiudete l\u2019universit\u00e0, aprite gli occhi\u201d, recita un cartello fuori dalla facolt\u00e0 di filosofia dell\u2019universit\u00e0 di Belgrado, la capitale<\/p>\n","protected":false},"author":1,"featured_media":5132,"template":"","meta":{"colormag_page_container_layout":"default_layout","colormag_page_sidebar_layout":"default_layout","h5ap_radio_sources":[],"_tribe_events_status":"","_tribe_events_status_reason":"","footnotes":""},"tags":[],"tribe_events_cat":[],"class_list":["post-5131","tribe_events","type-tribe_events","status-publish","has-post-thumbnail","hentry"],"_links":{"self":[{"href":"https:\/\/www.glomeda.org\/index.php\/wp-json\/wp\/v2\/tribe_events\/5131","targetHints":{"allow":["GET"]}}],"collection":[{"href":"https:\/\/www.glomeda.org\/index.php\/wp-json\/wp\/v2\/tribe_events"}],"about":[{"href":"https:\/\/www.glomeda.org\/index.php\/wp-json\/wp\/v2\/types\/tribe_events"}],"author":[{"embeddable":true,"href":"https:\/\/www.glomeda.org\/index.php\/wp-json\/wp\/v2\/users\/1"}],"version-history":[{"count":1,"href":"https:\/\/www.glomeda.org\/index.php\/wp-json\/wp\/v2\/tribe_events\/5131\/revisions"}],"predecessor-version":[{"id":5133,"href":"https:\/\/www.glomeda.org\/index.php\/wp-json\/wp\/v2\/tribe_events\/5131\/revisions\/5133"}],"wp:featuredmedia":[{"embeddable":true,"href":"https:\/\/www.glomeda.org\/index.php\/wp-json\/wp\/v2\/media\/5132"}],"wp:attachment":[{"href":"https:\/\/www.glomeda.org\/index.php\/wp-json\/wp\/v2\/media?parent=5131"}],"wp:term":[{"taxonomy":"post_tag","embeddable":true,"href":"https:\/\/www.glomeda.org\/index.php\/wp-json\/wp\/v2\/tags?post=5131"},{"taxonomy":"tribe_events_cat","embeddable":true,"href":"https:\/\/www.glomeda.org\/index.php\/wp-json\/wp\/v2\/tribe_events_cat?post=5131"}],"curies":[{"name":"wp","href":"https:\/\/api.w.org\/{rel}","templated":true}]}}

<div class="xdj266r x11i5rnm xat24cr x1mh8g0r x1vvkbs">Belgrado &#8211; “Chiudete l’università, aprite gli occhi”, recita un cartello fuori dalla facoltà di filosofia dell’università di Belgrado, la capitale della Serbia. Le proteste in Serbia non hanno mai risuonato così forte, non in tempi recenti.</div>
<div class="x11i5rnm xat24cr x1mh8g0r x1vvkbs xtlvy1s">A rimettere in moto la storia in Serbia è stato un evento a prima vista secondario: il crollo di una pensilina alla stazione di Novi Sad. La rabbia dopo il crollo che ha ucciso 15 persone ha accesso il malcontento contro il governo per appalti truccati, clientelismo e corruzione, dando inizio alle proteste.</div>
<div class="x11i5rnm xat24cr x1mh8g0r x1vvkbs xtlvy1s">Il 22 novembre, però, il centro del dissenso diventa la facoltà di arte drammatica di Belgrado, dove gli studenti subiscono un&#8217;altra durissima repressione.</div>
<div class="x11i5rnm xat24cr x1mh8g0r x1vvkbs xtlvy1s">Da allora è stato un crescendo: agli studenti si sono uniti i camionisti, le famiglie e si è creata una coalizione sempre più ampia contro il sistema di potere del presidente. Il risultato è stata la più grande manifestazione della storia della Serbia: fra 110.000 e 200.000 persone sono scese in piazza.</div>
<div class="x11i5rnm xat24cr x1mh8g0r x1vvkbs xtlvy1s">Di tutto questo parleremo in diretta online con Darija e Zeljko, attivisti di Led Art (collettivo di Novi Sad che promuove ideologia e arte, politica e performance, in un contesto urbano e in tempi turbolenti) e con Andreja Kargacin (danzatrice e attivista).</div>
<div class="x11i5rnm xat24cr x1mh8g0r x1vvkbs xtlvy1s"></div>
<div class="x11i5rnm xat24cr x1mh8g0r x1vvkbs xtlvy1s">Dettagli sugli attivisti e sulle realtà serbe con le quali ci confronteremo:</div>
<div class="x11i5rnm xat24cr x1mh8g0r x1vvkbs xtlvy1s"><a class="x1i10hfl xjbqb8w x1ejq31n xd10rxx x1sy0etr x17r0tee x972fbf xcfux6l x1qhh985 xm0m39n x9f619 x1ypdohk xt0psk2 xe8uvvx xdj266r x11i5rnm xat24cr x1mh8g0r xexx8yu x4uap5 x18d9i69 xkhd6sd x16tdsg8 x1hl2dhg xggy1nq x1a2a7pz xkrqix3 x1sur9pj x1fey0fg x1s688f" tabindex="0" role="link" href="https://visitdistrikt.rs/en/2022/06/29/art-under-ice-recapitulation-30-years-of-led-art/?fbclid=IwZXh0bgNhZW0CMTAAYnJpZBExRGYzUmdsN3ZGYjJJV29NMwEeMbAhMN7nJ6e_RS09YHvC136W3VEh_sGatatT6QP4GcLOLLoqubvu9un04ko_aem_zHrl3pbysLGV9mhYV5vpSA" target="_blank" rel="nofollow noopener noreferrer">https://visitdistrikt.rs/&#8230;/art-under-ice&#8230;/</a></div>
<div class="x11i5rnm xat24cr x1mh8g0r x1vvkbs xtlvy1s"><a class="x1i10hfl xjbqb8w x1ejq31n xd10rxx x1sy0etr x17r0tee x972fbf xcfux6l x1qhh985 xm0m39n x9f619 x1ypdohk xt0psk2 xe8uvvx xdj266r x11i5rnm xat24cr x1mh8g0r xexx8yu x4uap5 x18d9i69 xkhd6sd x16tdsg8 x1hl2dhg xggy1nq x1a2a7pz xkrqix3 x1sur9pj x1fey0fg x1s688f" tabindex="0" role="link" href="https://www.instagram.com/skup.udruzenje?igsh=MTdkOG1yMWJjMjJ6Nw%3D%3D&amp;fbclid=IwZXh0bgNhZW0CMTAAYnJpZBExRGYzUmdsN3ZGYjJJV29NMwEeqxkhB4WfxnPbfP9EMdRmYa9-a40fKtIQ8pf4TqQ7_Sk1dNKI8endBs5zctQ_aem_gN9RxQDSuvoOQuHLrW92Qg" target="_blank" rel="nofollow noopener noreferrer">https://www.instagram.com/skup.udruzenje?igsh=MTdkOG1yMWJjMjJ6Nw==</a></div>
<div class="x11i5rnm xat24cr x1mh8g0r x1vvkbs xtlvy1s"><a class="x1i10hfl xjbqb8w x1ejq31n xd10rxx x1sy0etr x17r0tee x972fbf xcfux6l x1qhh985 xm0m39n x9f619 x1ypdohk xt0psk2 xe8uvvx xdj266r x11i5rnm xat24cr x1mh8g0r xexx8yu x4uap5 x18d9i69 xkhd6sd x16tdsg8 x1hl2dhg xggy1nq x1a2a7pz xkrqix3 x1sur9pj x1fey0fg x1s688f" tabindex="0" role="link" href="https://www.instagram.com/daria.dragoilovic?igsh=MTl5NHR1cnBpMHdoMw%3D%3D&amp;fbclid=IwZXh0bgNhZW0CMTAAYnJpZBExRGYzUmdsN3ZGYjJJV29NMwEeqxkhB4WfxnPbfP9EMdRmYa9-a40fKtIQ8pf4TqQ7_Sk1dNKI8endBs5zctQ_aem_gN9RxQDSuvoOQuHLrW92Qg" target="_blank" rel="nofollow noopener noreferrer">https://www.instagram.com/daria.dragoilovic?igsh=MTl5NHR1cnBpMHdoMw==</a></div>
<div></div>
<div class="x11i5rnm xat24cr x1mh8g0r x1vvkbs xtlvy1s">Željko bio:</div>
<div class="x11i5rnm xat24cr x1mh8g0r x1vvkbs xtlvy1s">Since 2005, he has been active in the sphere of culture and art in various ways. He has been a cultural manager, organizer, producer, songwriter, and cultural worker within numerous artistic programs. He has successfully prepared, implemented, and participated in over 50 different projects in cooperation with donors such as the Ministry of Culture of the Republic of Serbia, the Secretariat for Culture of the City of Novi Sad, Erste Bank &#8211; Centrifuge Fund, Goethe Institute &#8211; Government of Germany, Open Society Foundations, etc. Founder of several non-governmental organizations in the field of culture and art.</div>
<div class="x11i5rnm xat24cr x1mh8g0r x1vvkbs xtlvy1s"><a class="x1i10hfl xjbqb8w x1ejq31n xd10rxx x1sy0etr x17r0tee x972fbf xcfux6l x1qhh985 xm0m39n x9f619 x1ypdohk xt0psk2 xe8uvvx xdj266r x11i5rnm xat24cr x1mh8g0r xexx8yu x4uap5 x18d9i69 xkhd6sd x16tdsg8 x1hl2dhg xggy1nq x1a2a7pz xkrqix3 x1sur9pj x1fey0fg x1s688f" tabindex="0" role="link" href="https://www.instagram.com/andrejakargacin?igsh=MTk3ZjdqcDR2YnJ1bw%3D%3D&amp;fbclid=IwZXh0bgNhZW0CMTAAYnJpZBExRGYzUmdsN3ZGYjJJV29NMwEeQKkQFIk7ozhBkIUB_TtKTDA8pPTFekhTNeo5xZ78Vmnev_qCKtL0_2Sz5Xk_aem_mjm3VcNHeHt2dqdEaytV2w" target="_blank" rel="nofollow noopener noreferrer">https://www.instagram.com/andrejakargacin?igsh=MTk3ZjdqcDR2YnJ1bw==</a></div>

<p>Belgrado &#8211; “Chiudete l’università, aprite gli occhi”, recita un cartello fuori dalla facoltà di filosofia dell’università di Belgrado, la capitale</p>
