{"id":5019,"date":"2025-04-18T16:21:32","date_gmt":"2025-04-18T14:21:32","guid":{"rendered":"https:\/\/www.glomeda.org\/?post_type=tribe_events&#038;p=5019"},"modified":"2025-04-23T16:24:30","modified_gmt":"2025-04-23T14:24:30","slug":"fano-pu-corteo-25-aprile","status":"publish","type":"tribe_events","link":"https:\/\/www.glomeda.org\/index.php\/event\/fano-pu-corteo-25-aprile\/","title":{"rendered":"Fano (Pu) &#8211; Corteo 25 aprile"},"content":{"rendered":"<div class=\"xdj266r x11i5rnm xat24cr x1mh8g0r x1vvkbs\"><span class=\"html-span xexx8yu x4uap5 x18d9i69 xkhd6sd x1hl2dhg x16tdsg8 x1vvkbs x3nfvp2 x1j61x8r x1fcty0u xdj266r xat24cr xgzva0m xhhsvwb xxymvpz xlup9mm x1kky2od\"><img loading=\"lazy\" decoding=\"async\" class=\"xz74otr x168nmei x13lgxp2 x5pf9jr xo71vjh\" src=\"https:\/\/static.xx.fbcdn.net\/images\/emoji.php\/v9\/t5f\/1\/16\/270a.png\" alt=\"\u270a\" width=\"16\" height=\"16\" \/><\/span>25 APRILE, CORTEO a FANO<br class=\"html-br\" \/><span class=\"html-span xexx8yu x4uap5 x18d9i69 xkhd6sd x1hl2dhg x16tdsg8 x1vvkbs x3nfvp2 x1j61x8r x1fcty0u xdj266r xat24cr xgzva0m xhhsvwb xxymvpz xlup9mm x1kky2od\"><img loading=\"lazy\" decoding=\"async\" class=\"xz74otr x168nmei x13lgxp2 x5pf9jr xo71vjh\" src=\"https:\/\/static.xx.fbcdn.net\/images\/emoji.php\/v9\/t2d\/1\/16\/1f4cd.png\" alt=\"\ud83d\udccd\" width=\"16\" height=\"16\" \/><\/span>Concentramento ore 9:30 Piazza XX Settembre<br class=\"html-br\" \/><span class=\"html-span xexx8yu x4uap5 x18d9i69 xkhd6sd x1hl2dhg x16tdsg8 x1vvkbs x3nfvp2 x1j61x8r x1fcty0u xdj266r xat24cr xgzva0m xhhsvwb xxymvpz xlup9mm x1kky2od\"><img loading=\"lazy\" decoding=\"async\" class=\"xz74otr x168nmei x13lgxp2 x5pf9jr xo71vjh\" src=\"https:\/\/static.xx.fbcdn.net\/images\/emoji.php\/v9\/t39\/1\/16\/1f4e2.png\" alt=\"\ud83d\udce2\" width=\"16\" height=\"16\" \/><\/span>DISERTIAMO LA GUERRA, RIA(R)MIAMO LE LOTTE<\/div>\n<div class=\"x11i5rnm xat24cr x1mh8g0r x1vvkbs xtlvy1s\"><span class=\"html-span xexx8yu x4uap5 x18d9i69 xkhd6sd x1hl2dhg x16tdsg8 x1vvkbs x3nfvp2 x1j61x8r x1fcty0u xdj266r xat24cr xgzva0m xhhsvwb xxymvpz xlup9mm x1kky2od\"><img loading=\"lazy\" decoding=\"async\" class=\"xz74otr x168nmei x13lgxp2 x5pf9jr xo71vjh\" src=\"https:\/\/static.xx.fbcdn.net\/images\/emoji.php\/v9\/t51\/1\/16\/1f449.png\" alt=\"\ud83d\udc49\" width=\"16\" height=\"16\" \/><\/span>\u00a0Un appello all\u2019azione verso e oltre il 25 aprile<br class=\"html-br\" \/>IntelligenzeAntifasciste<br class=\"html-br\" \/>Non viviamo nel peggiore dei mondi possibili e d\u2019altra parte non \u00e8 mai esistita una fantomatica et\u00e0 dell\u2019oro. Questo approccio alla storia e alla realt\u00e0 \u00e8 l\u2019origine di ogni pensiero conservatore e reazionario, buono solo per la propaganda politica. Il rendere di nuovo grande l\u2019America sta l\u00ec ad insegnarcelo. Ci\u00f2 che \u00e8 sempre esistito, al contrario, sono stati momenti storici dove le lotte ed i conflitti sociali hanno migliorato questo mondo, hanno allargato i diritti, quelli sostanziali, non formali, hanno ridistribuito potere e ricchezza verso chi era sfruttato ed oppressa.<br class=\"html-br\" \/>Il nostro presente, a ben vedere, segna, probabilmente, l\u2019inizio di una nuova epoca. Un nuovo inizio che sta portando a maturazione, facendoli esplodere, una serie, lunga e complessa, di processi storici, politici, sociali ed economici iniziati molto tempo fa.<br class=\"html-br\" \/>Se il presente che viviamo sta ridefinendo il nostro mondo, dobbiamo essere in grado, necessariamente, di cogliere quelli che sono i tratti epocali di tutto questo.<br class=\"html-br\" \/>Cogliere le tendenze determinanti di ci\u00f2 che stiamo vivendo per poterle affrontare e fronteggiare.<br class=\"html-br\" \/>Oggi il potere si mostra per quello che storicamente \u00e8 sempre stato: esercizio senza nessuna mediazione della forza, monopolio assoluto della violenza, nel linguaggio come nella pratica, \u201clibera\u201d da ogni vincolo giuridico e sociale.<br class=\"html-br\" \/>In Italia, come in Europa e nel mondo tutto questo ha uno scopo ben preciso: togliere ogni autonomia e quindi ogni capacit\u00e0 di organizzarsi e di lottare alla societ\u00e0, per tenere la decisione politica semplicemente nelle mani dei governi, eletti o non eletti, che si chiamino Trump, Netanyahu, Putin o Musk, poco importa.<br class=\"html-br\" \/>La parola democrazia \u00e8 di fatto diventata una parola vuota, senza nessun contenuto specifico che sia in grado di definirla. La violenza del potere del nostro presente squarcia in modo netto ogni ambiguit\u00e0 rispetto a che cos\u2019\u00e8 veramente la democrazia di cui tanto ci si riempie la bocca. Ci\u00f2 che conta, ci\u00f2 che \u00e8 davvero importante \u00e8 la capacit\u00e0 del capitalismo di continuare a fare profitti, di estrarre valore e di accumulare potere. Se questa \u201cdemocrazia\u201d permette tutto questo, allora va pi\u00f9 che bene.<br class=\"html-br\" \/>Il nostro presente \u00e8 segnato dalla normalizzazione del genocidio e dal ritorno della guerra.<br class=\"html-br\" \/>Il ReArm Europe della Von der Leyen, con il beneplacito di tutti i governi, con i suoi 800 miliardi di euro, non rappresenta altro che il tentativo di riarmare i singoli stati europei, all\u2019interno di una martellante propaganda che deve far accettare e rendere una cosa ordinaria, normale, la guerra, l\u2019economia di guerra e la cultura della guerra.<br class=\"html-br\" \/>La propaganda di guerra non pu\u00f2 accettare critica, dissenso e conflitto sociale, ma vuole uomini e donne obbedienti e asservite, servili e docili.<br class=\"html-br\" \/>L\u2019antifascismo, 80 anni fa, come oggi, \u00e8 anche un sentimento, immediato e diretto, di ribellione e rivolta verso chi, con l\u2019arroganza e la violenza del potere, ormai privo di maschere, vorrebbe imporci un presente di guerra, povert\u00e0 e nazionalismo.<br class=\"html-br\" \/>La storia \u00e8 sempre inattuale, ma sempre contemporanea, perch\u00e9 siamo noi che interroghiamo il passato per comprenderlo. Interrogare il nostro passato, la nostra storia, quella di Resistenza e Liberazione in armi, oggi, significa, rifiutare la guerra, sostenere chi resiste al genocidio ed opporsi, con ogni mezzo, alla brutalit\u00e0 e alla violenza del potere, politico ed economico.<br class=\"html-br\" \/>Disertare la guerra e combattere per la pace non possono e non devono rimanere degli slogan, ma devono rappresentare un programma politico comune.<br class=\"html-br\" \/>Alla loro chiamata alle armi, noi rispondiamo con una chiamata all\u2019azione.<br class=\"html-br\" \/>Un corteo in grado di far vivere nel nostro presente parole e pratiche come Resistenza, Liberazione e Antifascismo e di rispondere colpo su colpo alla violenza del potere.<\/div>\n","protected":false},"excerpt":{"rendered":"<p>25 APRILE, CORTEO a FANOConcentramento ore 9:30 Piazza XX SettembreDISERTIAMO LA GUERRA, RIA(R)MIAMO LE LOTTE \u00a0Un appello all\u2019azione verso e<\/p>\n","protected":false},"author":1,"featured_media":5020,"template":"","meta":{"colormag_page_container_layout":"default_layout","colormag_page_sidebar_layout":"default_layout","h5ap_radio_sources":[],"_tribe_events_status":"","_tribe_events_status_reason":"","footnotes":""},"tags":[],"tribe_events_cat":[],"class_list":["post-5019","tribe_events","type-tribe_events","status-publish","has-post-thumbnail","hentry"],"_links":{"self":[{"href":"https:\/\/www.glomeda.org\/index.php\/wp-json\/wp\/v2\/tribe_events\/5019","targetHints":{"allow":["GET"]}}],"collection":[{"href":"https:\/\/www.glomeda.org\/index.php\/wp-json\/wp\/v2\/tribe_events"}],"about":[{"href":"https:\/\/www.glomeda.org\/index.php\/wp-json\/wp\/v2\/types\/tribe_events"}],"author":[{"embeddable":true,"href":"https:\/\/www.glomeda.org\/index.php\/wp-json\/wp\/v2\/users\/1"}],"version-history":[{"count":1,"href":"https:\/\/www.glomeda.org\/index.php\/wp-json\/wp\/v2\/tribe_events\/5019\/revisions"}],"predecessor-version":[{"id":5022,"href":"https:\/\/www.glomeda.org\/index.php\/wp-json\/wp\/v2\/tribe_events\/5019\/revisions\/5022"}],"wp:featuredmedia":[{"embeddable":true,"href":"https:\/\/www.glomeda.org\/index.php\/wp-json\/wp\/v2\/media\/5020"}],"wp:attachment":[{"href":"https:\/\/www.glomeda.org\/index.php\/wp-json\/wp\/v2\/media?parent=5019"}],"wp:term":[{"taxonomy":"post_tag","embeddable":true,"href":"https:\/\/www.glomeda.org\/index.php\/wp-json\/wp\/v2\/tags?post=5019"},{"taxonomy":"tribe_events_cat","embeddable":true,"href":"https:\/\/www.glomeda.org\/index.php\/wp-json\/wp\/v2\/tribe_events_cat?post=5019"}],"curies":[{"name":"wp","href":"https:\/\/api.w.org\/{rel}","templated":true}]}}

<div class="xdj266r x11i5rnm xat24cr x1mh8g0r x1vvkbs"><span class="html-span xexx8yu x4uap5 x18d9i69 xkhd6sd x1hl2dhg x16tdsg8 x1vvkbs x3nfvp2 x1j61x8r x1fcty0u xdj266r xat24cr xgzva0m xhhsvwb xxymvpz xlup9mm x1kky2od"><img loading="lazy" decoding="async" class="xz74otr x168nmei x13lgxp2 x5pf9jr xo71vjh" src="https://static.xx.fbcdn.net/images/emoji.php/v9/t5f/1/16/270a.png" alt="✊" width="16" height="16" /></span>25 APRILE, CORTEO a FANO<br class="html-br" /><span class="html-span xexx8yu x4uap5 x18d9i69 xkhd6sd x1hl2dhg x16tdsg8 x1vvkbs x3nfvp2 x1j61x8r x1fcty0u xdj266r xat24cr xgzva0m xhhsvwb xxymvpz xlup9mm x1kky2od"><img loading="lazy" decoding="async" class="xz74otr x168nmei x13lgxp2 x5pf9jr xo71vjh" src="https://static.xx.fbcdn.net/images/emoji.php/v9/t2d/1/16/1f4cd.png" alt="📍" width="16" height="16" /></span>Concentramento ore 9:30 Piazza XX Settembre<br class="html-br" /><span class="html-span xexx8yu x4uap5 x18d9i69 xkhd6sd x1hl2dhg x16tdsg8 x1vvkbs x3nfvp2 x1j61x8r x1fcty0u xdj266r xat24cr xgzva0m xhhsvwb xxymvpz xlup9mm x1kky2od"><img loading="lazy" decoding="async" class="xz74otr x168nmei x13lgxp2 x5pf9jr xo71vjh" src="https://static.xx.fbcdn.net/images/emoji.php/v9/t39/1/16/1f4e2.png" alt="📢" width="16" height="16" /></span>DISERTIAMO LA GUERRA, RIA(R)MIAMO LE LOTTE</div>
<div class="x11i5rnm xat24cr x1mh8g0r x1vvkbs xtlvy1s"><span class="html-span xexx8yu x4uap5 x18d9i69 xkhd6sd x1hl2dhg x16tdsg8 x1vvkbs x3nfvp2 x1j61x8r x1fcty0u xdj266r xat24cr xgzva0m xhhsvwb xxymvpz xlup9mm x1kky2od"><img loading="lazy" decoding="async" class="xz74otr x168nmei x13lgxp2 x5pf9jr xo71vjh" src="https://static.xx.fbcdn.net/images/emoji.php/v9/t51/1/16/1f449.png" alt="👉" width="16" height="16" /></span> Un appello all’azione verso e oltre il 25 aprile<br class="html-br" />IntelligenzeAntifasciste<br class="html-br" />Non viviamo nel peggiore dei mondi possibili e d’altra parte non è mai esistita una fantomatica età dell’oro. Questo approccio alla storia e alla realtà è l’origine di ogni pensiero conservatore e reazionario, buono solo per la propaganda politica. Il rendere di nuovo grande l’America sta lì ad insegnarcelo. Ciò che è sempre esistito, al contrario, sono stati momenti storici dove le lotte ed i conflitti sociali hanno migliorato questo mondo, hanno allargato i diritti, quelli sostanziali, non formali, hanno ridistribuito potere e ricchezza verso chi era sfruttato ed oppressa.<br class="html-br" />Il nostro presente, a ben vedere, segna, probabilmente, l’inizio di una nuova epoca. Un nuovo inizio che sta portando a maturazione, facendoli esplodere, una serie, lunga e complessa, di processi storici, politici, sociali ed economici iniziati molto tempo fa.<br class="html-br" />Se il presente che viviamo sta ridefinendo il nostro mondo, dobbiamo essere in grado, necessariamente, di cogliere quelli che sono i tratti epocali di tutto questo.<br class="html-br" />Cogliere le tendenze determinanti di ciò che stiamo vivendo per poterle affrontare e fronteggiare.<br class="html-br" />Oggi il potere si mostra per quello che storicamente è sempre stato: esercizio senza nessuna mediazione della forza, monopolio assoluto della violenza, nel linguaggio come nella pratica, “libera” da ogni vincolo giuridico e sociale.<br class="html-br" />In Italia, come in Europa e nel mondo tutto questo ha uno scopo ben preciso: togliere ogni autonomia e quindi ogni capacità di organizzarsi e di lottare alla società, per tenere la decisione politica semplicemente nelle mani dei governi, eletti o non eletti, che si chiamino Trump, Netanyahu, Putin o Musk, poco importa.<br class="html-br" />La parola democrazia è di fatto diventata una parola vuota, senza nessun contenuto specifico che sia in grado di definirla. La violenza del potere del nostro presente squarcia in modo netto ogni ambiguità rispetto a che cos’è veramente la democrazia di cui tanto ci si riempie la bocca. Ciò che conta, ciò che è davvero importante è la capacità del capitalismo di continuare a fare profitti, di estrarre valore e di accumulare potere. Se questa “democrazia” permette tutto questo, allora va più che bene.<br class="html-br" />Il nostro presente è segnato dalla normalizzazione del genocidio e dal ritorno della guerra.<br class="html-br" />Il ReArm Europe della Von der Leyen, con il beneplacito di tutti i governi, con i suoi 800 miliardi di euro, non rappresenta altro che il tentativo di riarmare i singoli stati europei, all’interno di una martellante propaganda che deve far accettare e rendere una cosa ordinaria, normale, la guerra, l’economia di guerra e la cultura della guerra.<br class="html-br" />La propaganda di guerra non può accettare critica, dissenso e conflitto sociale, ma vuole uomini e donne obbedienti e asservite, servili e docili.<br class="html-br" />L’antifascismo, 80 anni fa, come oggi, è anche un sentimento, immediato e diretto, di ribellione e rivolta verso chi, con l’arroganza e la violenza del potere, ormai privo di maschere, vorrebbe imporci un presente di guerra, povertà e nazionalismo.<br class="html-br" />La storia è sempre inattuale, ma sempre contemporanea, perché siamo noi che interroghiamo il passato per comprenderlo. Interrogare il nostro passato, la nostra storia, quella di Resistenza e Liberazione in armi, oggi, significa, rifiutare la guerra, sostenere chi resiste al genocidio ed opporsi, con ogni mezzo, alla brutalità e alla violenza del potere, politico ed economico.<br class="html-br" />Disertare la guerra e combattere per la pace non possono e non devono rimanere degli slogan, ma devono rappresentare un programma politico comune.<br class="html-br" />Alla loro chiamata alle armi, noi rispondiamo con una chiamata all’azione.<br class="html-br" />Un corteo in grado di far vivere nel nostro presente parole e pratiche come Resistenza, Liberazione e Antifascismo e di rispondere colpo su colpo alla violenza del potere.</div>
