{"id":5016,"date":"2025-04-18T16:17:28","date_gmt":"2025-04-18T14:17:28","guid":{"rendered":"https:\/\/www.glomeda.org\/?post_type=tribe_events&#038;p=5016"},"modified":"2025-04-23T16:19:46","modified_gmt":"2025-04-23T14:19:46","slug":"jesi-an-il-detective-sonnambulo-presentazione-del-libro-con-lautore-vanni-santoni-spaziomercato-tnt","status":"publish","type":"tribe_events","link":"https:\/\/www.glomeda.org\/index.php\/event\/jesi-an-il-detective-sonnambulo-presentazione-del-libro-con-lautore-vanni-santoni-spaziomercato-tnt\/","title":{"rendered":"Jesi (An) &#8211; &#8216;Il detective sonnambulo&#8217; Presentazione del libro con l&#8217;autore Vanni Santoni @ SpazioMercato Tnt"},"content":{"rendered":"<div class=\"xdj266r x11i5rnm xat24cr x1mh8g0r x1vvkbs\">Marted\u00ec 22 Aptile 2025<br class=\"html-br\" \/>ore 21.15<\/div>\n<div class=\"x11i5rnm xat24cr x1mh8g0r x1vvkbs xtlvy1s\">presso lo Spazio Comune Autogestito TNT<br class=\"html-br\" \/>(Via Gallodoro 68\/ter, Jesi, AN)<\/div>\n<div class=\"x11i5rnm xat24cr x1mh8g0r x1vvkbs xtlvy1s\">presentazione del libro:<\/div>\n<div class=\"x11i5rnm xat24cr x1mh8g0r x1vvkbs xtlvy1s\">&#8220;\ud835\udddc\ud835\uddf9 \ud835\uddf1\ud835\uddf2\ud835\ude01\ud835\uddf2\ud835\uddf0\ud835\ude01\ud835\uddf6\ud835\ude03\ud835\uddf2 \ud835\ude00\ud835\uddfc\ud835\uddfb\ud835\uddfb\ud835\uddee\ud835\uddfa\ud835\uddef\ud835\ude02\ud835\uddf9\ud835\uddfc&#8221;<br class=\"html-br\" \/>(Mondadori 2025)<\/div>\n<div class=\"x11i5rnm xat24cr x1mh8g0r x1vvkbs xtlvy1s\">Ne parliamo con l&#8217;autore \ud835\udc15\ud835\udc1a\ud835\udc27\ud835\udc27\ud835\udc22 \ud835\udc12\ud835\udc1a\ud835\udc27\ud835\udc2d\ud835\udc28\ud835\udc27\ud835\udc22<\/div>\n<div class=\"x11i5rnm xat24cr x1mh8g0r x1vvkbs xtlvy1s\">\/\/ Dalle 18 consueto appuntamento con lo\u00a0<a class=\"x1i10hfl xjbqb8w x1ejq31n xd10rxx x1sy0etr x17r0tee x972fbf xcfux6l x1qhh985 xm0m39n x9f619 x1ypdohk xt0psk2 xe8uvvx xdj266r x11i5rnm xat24cr x1mh8g0r xexx8yu x4uap5 x18d9i69 xkhd6sd x16tdsg8 x1hl2dhg xggy1nq x1a2a7pz xkrqix3 x1sur9pj xzsf02u x1s688f\" tabindex=\"0\" role=\"link\" href=\"https:\/\/www.facebook.com\/hashtag\/spaziomercato?__eep__=6&amp;__cft__[0]=AZUYCGHV3e8s5MarEbgtHpVEAyWX4-LF8TGM2Vnn2JxejPiJ48rdFuGIdMepCxaDWjbf-igfnPLqx0ZUVm2FESlzB-WIYLPNAc2bQiZ92NvKDwBWMLMnL91GurglOCAryCFijw2qCLu7Q_Slg_CmeyOW&amp;__tn__=q\">#SpazioMercato<\/a><br class=\"html-br\" \/>_____________________<\/div>\n<div class=\"x11i5rnm xat24cr x1mh8g0r x1vvkbs xtlvy1s\">\u00abCambiare il mondo! \u00e8 cos\u00ec difficile pensarlo? Prima che nascessimo, pure il pi\u00f9 pulcioso degli studentelli con la chitarra a tracolla voleva cambiare il mondo. adesso neanche chi ha un portafoglio di miliardi osa covare un tale sogno. ti pare normale?\u00bb<br class=\"html-br\" \/>_____________________<\/div>\n<div class=\"x11i5rnm xat24cr x1mh8g0r x1vvkbs xtlvy1s\">Parigi, oggi. Martino se n\u2019\u00e8 andato dall\u2019Italia, come tanti, e vaga senza grandi prospettive fino a quando incontra Johanna: capelli rosso fuoco, magnetica e scostante, \u00e8 giovane quanto lui eppure pi\u00f9 matura e complessa, almeno ai suoi occhi. Si innamorano, ma \u00e8 un amore reso difficile dalle continue scomparse di lei, che non sembra avere una sola vita ma molte, negli ambienti pi\u00f9 diversi. E tuttavia si amano, nella citt\u00e0 scossa da manifestazioni e rivolte, fino a quello che per Martino \u00e8 il collasso di un mondo: Johanna scompare di nuovo, ma stavolta non per un giorno o due. Scompare, e non si fa pi\u00f9 vedere. Martino la cerca ovunque, mentre passano i giorni e le settimane (e finiscono i soldi), finch\u00e9 incappa in un manifesto che mostra la foto di un ragazzo bellissimo ed elegante che scende da un jet privato. Dietro di lui, riconosce subito i capelli rossi e l\u2019inconfondibile postura di Johanna. Il poster \u00e8 stato affisso da Tanya, la leader di un gruppetto anarchico che sta conducendo una ricerca che \u00e8 lo specchio della sua: vuole ritrovare il giovane della foto, un certo Manfredi Contini della Torre, criptomilionario che ha fatto una misteriosa donazione al suo gruppo. Tanya e Martino uniscono le forze e si imbarcano in un\u2019indagine che li porter\u00e0 a inseguire in giro per l\u2019Europa Manfredi e gli eccentrici progetti finanziati dal suo impero fondato sui bitcoin, fino a invischiarsi con lui e Johanna in un quadrilatero amoroso sempre pi\u00f9 difficile da sbrogliare. Vanni Santoni ci consegna una storia d\u2019amore, amicizia e denaro profondamente calata nell\u2019oggi, e ci costringe a fare i conti con un quesito eterno: possono gli individui arrivare a determinare la Storia, o sar\u00e0 sempre la Storia ad averla vinta sulle sorti individuali?<\/div>\n","protected":false},"excerpt":{"rendered":"<p>Marted\u00ec 22 Aptile 2025ore 21.15 presso lo Spazio Comune Autogestito TNT(Via Gallodoro 68\/ter, Jesi, AN) presentazione del libro: &#8220;\ud835\udddc\ud835\uddf9 \ud835\uddf1\ud835\uddf2\ud835\ude01\ud835\uddf2\ud835\uddf0\ud835\ude01\ud835\uddf6\ud835\ude03\ud835\uddf2<\/p>\n","protected":false},"author":1,"featured_media":5017,"template":"","meta":{"colormag_page_container_layout":"default_layout","colormag_page_sidebar_layout":"default_layout","h5ap_radio_sources":[],"_tribe_events_status":"","_tribe_events_status_reason":"","footnotes":""},"tags":[],"tribe_events_cat":[],"class_list":["post-5016","tribe_events","type-tribe_events","status-publish","has-post-thumbnail","hentry"],"_links":{"self":[{"href":"https:\/\/www.glomeda.org\/index.php\/wp-json\/wp\/v2\/tribe_events\/5016","targetHints":{"allow":["GET"]}}],"collection":[{"href":"https:\/\/www.glomeda.org\/index.php\/wp-json\/wp\/v2\/tribe_events"}],"about":[{"href":"https:\/\/www.glomeda.org\/index.php\/wp-json\/wp\/v2\/types\/tribe_events"}],"author":[{"embeddable":true,"href":"https:\/\/www.glomeda.org\/index.php\/wp-json\/wp\/v2\/users\/1"}],"version-history":[{"count":1,"href":"https:\/\/www.glomeda.org\/index.php\/wp-json\/wp\/v2\/tribe_events\/5016\/revisions"}],"predecessor-version":[{"id":5018,"href":"https:\/\/www.glomeda.org\/index.php\/wp-json\/wp\/v2\/tribe_events\/5016\/revisions\/5018"}],"wp:featuredmedia":[{"embeddable":true,"href":"https:\/\/www.glomeda.org\/index.php\/wp-json\/wp\/v2\/media\/5017"}],"wp:attachment":[{"href":"https:\/\/www.glomeda.org\/index.php\/wp-json\/wp\/v2\/media?parent=5016"}],"wp:term":[{"taxonomy":"post_tag","embeddable":true,"href":"https:\/\/www.glomeda.org\/index.php\/wp-json\/wp\/v2\/tags?post=5016"},{"taxonomy":"tribe_events_cat","embeddable":true,"href":"https:\/\/www.glomeda.org\/index.php\/wp-json\/wp\/v2\/tribe_events_cat?post=5016"}],"curies":[{"name":"wp","href":"https:\/\/api.w.org\/{rel}","templated":true}]}}

<div class="xdj266r x11i5rnm xat24cr x1mh8g0r x1vvkbs">Martedì 22 Aptile 2025<br class="html-br" />ore 21.15</div>
<div class="x11i5rnm xat24cr x1mh8g0r x1vvkbs xtlvy1s">presso lo Spazio Comune Autogestito TNT<br class="html-br" />(Via Gallodoro 68/ter, Jesi, AN)</div>
<div class="x11i5rnm xat24cr x1mh8g0r x1vvkbs xtlvy1s">presentazione del libro:</div>
<div class="x11i5rnm xat24cr x1mh8g0r x1vvkbs xtlvy1s">&#8220;𝗜𝗹 𝗱𝗲𝘁𝗲𝗰𝘁𝗶𝘃𝗲 𝘀𝗼𝗻𝗻𝗮𝗺𝗯𝘂𝗹𝗼&#8221;<br class="html-br" />(Mondadori 2025)</div>
<div class="x11i5rnm xat24cr x1mh8g0r x1vvkbs xtlvy1s">Ne parliamo con l&#8217;autore 𝐕𝐚𝐧𝐧𝐢 𝐒𝐚𝐧𝐭𝐨𝐧𝐢</div>
<div class="x11i5rnm xat24cr x1mh8g0r x1vvkbs xtlvy1s">// Dalle 18 consueto appuntamento con lo <a class="x1i10hfl xjbqb8w x1ejq31n xd10rxx x1sy0etr x17r0tee x972fbf xcfux6l x1qhh985 xm0m39n x9f619 x1ypdohk xt0psk2 xe8uvvx xdj266r x11i5rnm xat24cr x1mh8g0r xexx8yu x4uap5 x18d9i69 xkhd6sd x16tdsg8 x1hl2dhg xggy1nq x1a2a7pz xkrqix3 x1sur9pj xzsf02u x1s688f" tabindex="0" role="link" href="https://www.facebook.com/hashtag/spaziomercato?__eep__=6&amp;__cft__[0]=AZUYCGHV3e8s5MarEbgtHpVEAyWX4-LF8TGM2Vnn2JxejPiJ48rdFuGIdMepCxaDWjbf-igfnPLqx0ZUVm2FESlzB-WIYLPNAc2bQiZ92NvKDwBWMLMnL91GurglOCAryCFijw2qCLu7Q_Slg_CmeyOW&amp;__tn__=q">#SpazioMercato</a><br class="html-br" />_____________________</div>
<div class="x11i5rnm xat24cr x1mh8g0r x1vvkbs xtlvy1s">«Cambiare il mondo! è così difficile pensarlo? Prima che nascessimo, pure il più pulcioso degli studentelli con la chitarra a tracolla voleva cambiare il mondo. adesso neanche chi ha un portafoglio di miliardi osa covare un tale sogno. ti pare normale?»<br class="html-br" />_____________________</div>
<div class="x11i5rnm xat24cr x1mh8g0r x1vvkbs xtlvy1s">Parigi, oggi. Martino se n’è andato dall’Italia, come tanti, e vaga senza grandi prospettive fino a quando incontra Johanna: capelli rosso fuoco, magnetica e scostante, è giovane quanto lui eppure più matura e complessa, almeno ai suoi occhi. Si innamorano, ma è un amore reso difficile dalle continue scomparse di lei, che non sembra avere una sola vita ma molte, negli ambienti più diversi. E tuttavia si amano, nella città scossa da manifestazioni e rivolte, fino a quello che per Martino è il collasso di un mondo: Johanna scompare di nuovo, ma stavolta non per un giorno o due. Scompare, e non si fa più vedere. Martino la cerca ovunque, mentre passano i giorni e le settimane (e finiscono i soldi), finché incappa in un manifesto che mostra la foto di un ragazzo bellissimo ed elegante che scende da un jet privato. Dietro di lui, riconosce subito i capelli rossi e l’inconfondibile postura di Johanna. Il poster è stato affisso da Tanya, la leader di un gruppetto anarchico che sta conducendo una ricerca che è lo specchio della sua: vuole ritrovare il giovane della foto, un certo Manfredi Contini della Torre, criptomilionario che ha fatto una misteriosa donazione al suo gruppo. Tanya e Martino uniscono le forze e si imbarcano in un’indagine che li porterà a inseguire in giro per l’Europa Manfredi e gli eccentrici progetti finanziati dal suo impero fondato sui bitcoin, fino a invischiarsi con lui e Johanna in un quadrilatero amoroso sempre più difficile da sbrogliare. Vanni Santoni ci consegna una storia d’amore, amicizia e denaro profondamente calata nell’oggi, e ci costringe a fare i conti con un quesito eterno: possono gli individui arrivare a determinare la Storia, o sarà sempre la Storia ad averla vinta sulle sorti individuali?</div>

<p>Martedì 22 Aptile 2025ore 21.15 presso lo Spazio Comune Autogestito TNT(Via Gallodoro 68/ter, Jesi, AN) presentazione del libro: &#8220;𝗜𝗹 𝗱𝗲𝘁𝗲𝗰𝘁𝗶𝘃𝗲</p>
