{"id":5010,"date":"2025-04-18T16:08:01","date_gmt":"2025-04-18T14:08:01","guid":{"rendered":"https:\/\/www.glomeda.org\/?post_type=tribe_events&#038;p=5010"},"modified":"2025-04-23T16:11:39","modified_gmt":"2025-04-23T14:11:39","slug":"porto-san-giorgio-fm-25-aprile-nei-luoghi-della-resistenza-2","status":"publish","type":"tribe_events","link":"https:\/\/www.glomeda.org\/index.php\/event\/porto-san-giorgio-fm-25-aprile-nei-luoghi-della-resistenza-2\/","title":{"rendered":"Porto San Giorgio (Fm) &#8211; 25 aprile nei luoghi della Resistenza"},"content":{"rendered":"<div class=\"xdj266r x11i5rnm xat24cr x1mh8g0r x1vvkbs\">Resistere alla guerra<br class=\"html-br\" \/>Disarmare l&#8217;Europa<\/div>\n<div class=\"x11i5rnm xat24cr x1mh8g0r x1vvkbs xtlvy1s\">Il 25 aprile non \u00e8 solo una data da celebrare, ma un appello alla Resistenza. Ricordiamo chi ha scelto di schierarsi contro il fascismo e la guerra.<\/div>\n<div class=\"x11i5rnm xat24cr x1mh8g0r x1vvkbs xtlvy1s\">Oggi la guerra non \u00e8 solo nei conflitti armati: \u00e8 un sistema che si rafforza con il riarmo europeo e con la crescita delle spese militari, mentre si tagliano sanit\u00e0, scuola, casa e lavoro.<\/div>\n<div class=\"x11i5rnm xat24cr x1mh8g0r x1vvkbs xtlvy1s\">La militarizzazione dell\u2019Europa \u00e8 parte di un progetto globale. Netanyahu, Putin, Trump, Unione Europea: nomi e nazionalismi diversi, stessa logica di potere e profitto, fondata sulla predazione tra imperi e con il diritto esclusivo della violenza. Anche la sinistra \u201cprogressista\u201d si adegua, sostenendo il riarmo in nome della \u201csicurezza\u201d e dell\u2019\u201cunit\u00e0\u201d europea. Con le stesse parole con cui un tempo condannava la guerra, oggi questa classe politica logora e avvizzita la giustifica.<\/div>\n<div class=\"x11i5rnm xat24cr x1mh8g0r x1vvkbs xtlvy1s\">Ma la guerra non \u00e8 solo questione di eserciti. Anche la devastazione ambientale \u00e8 una guerra continua, alimentata dalle industrie fossili e da quelle belliche: due facce dello stesso sistema che ci sfrutta e ci porta al collasso. La crisi climatica \u00e8 il prodotto di un capitalismo che distrugge senza limiti.<\/div>\n<div class=\"x11i5rnm xat24cr x1mh8g0r x1vvkbs xtlvy1s\">E nel cuore di questa violenza globale c\u2019\u00e8 il genocidio in Palestina. Uno stato armato e sostenuto dalle potenze occidentali nel suo progetto coloniale di insediamento e pulizia etnica, che bombarda, occupa, reprime e cancella ogni diritto del popolo palestinese. La Resistenza palestinese \u00e8 parte di questa lotta globale contro l\u2019oppressione.<\/div>\n<div class=\"x11i5rnm xat24cr x1mh8g0r x1vvkbs xtlvy1s\">Siamo con chi sceglie la diserzione, con chi rifiuta l\u2019ordine che alimenta le guerre per mantenere le disuguaglianze. La nostra Resistenza vive ogni volta che qualcuno si oppone a questo sistema. E oggi, con il Decreto Sicurezza 1660, chi lo fa viene sempre pi\u00f9 colpito: il dissenso \u00e8 criminalizzato, chi occupa, manifesta o rivendica diritti \u00e8 trattato da nemico.<\/div>\n<div class=\"x11i5rnm xat24cr x1mh8g0r x1vvkbs xtlvy1s\">Disertare oggi significa resistere. E il nostro 25 aprile \u00e8 dalla parte di chi diserta.<\/div>\n<div class=\"x11i5rnm xat24cr x1mh8g0r x1vvkbs xtlvy1s\">Csa Officina Trenino 211<br class=\"html-br\" \/>Collettivo Autonomo Stedentesco Argali<br class=\"html-br\" \/>&#8212;&#8212;&#8212;&#8212;&#8212;&#8212;&#8212;&#8212;&#8212;&#8212;&#8212;&#8212;&#8212;&#8212;&#8212;&#8212;&#8212;&#8212;&#8212;&#8212;&#8212;&#8212;&#8212;<\/div>\n<div class=\"x11i5rnm xat24cr x1mh8g0r x1vvkbs xtlvy1s\"><span class=\"html-span xexx8yu x4uap5 x18d9i69 xkhd6sd x1hl2dhg x16tdsg8 x1vvkbs x3nfvp2 x1j61x8r x1fcty0u xdj266r xat24cr xgzva0m xhhsvwb xxymvpz xlup9mm x1kky2od\"><img loading=\"lazy\" decoding=\"async\" class=\"xz74otr x168nmei x13lgxp2 x5pf9jr xo71vjh\" src=\"https:\/\/static.xx.fbcdn.net\/images\/emoji.php\/v9\/t6e\/1\/16\/1f534.png\" alt=\"\ud83d\udd34\" width=\"16\" height=\"16\" \/><\/span>25 Aprile nei luoghi della Resistenza<span class=\"html-span xexx8yu x4uap5 x18d9i69 xkhd6sd x1hl2dhg x16tdsg8 x1vvkbs x3nfvp2 x1j61x8r x1fcty0u xdj266r xat24cr xgzva0m xhhsvwb xxymvpz xlup9mm x1kky2od\"><img loading=\"lazy\" decoding=\"async\" class=\"xz74otr x168nmei x13lgxp2 x5pf9jr xo71vjh\" src=\"https:\/\/static.xx.fbcdn.net\/images\/emoji.php\/v9\/t6e\/1\/16\/1f534.png\" alt=\"\ud83d\udd34\" width=\"16\" height=\"16\" \/><\/span><br class=\"html-br\" \/>Porto San Giorgio 13 Giugno 1944<\/div>\n<div class=\"x11i5rnm xat24cr x1mh8g0r x1vvkbs xtlvy1s\">L&#8217;esercito polacco \u00e8 a poche decine di chilometri, entreranno in paese una settimana dopo.<\/div>\n<div class=\"x11i5rnm xat24cr x1mh8g0r x1vvkbs xtlvy1s\">Tra i tedeschi c&#8217;\u00e8 aria di smobilitazione, tra i fascisti invece c&#8217;\u00e8 nervosismo e paura, ne sono consapevoli: le bande partigiane del territorio sono in fermento e loro, protagonisti di violenze e omicidi per troppo tempo, la dovranno pagare cara.<\/div>\n<div class=\"x11i5rnm xat24cr x1mh8g0r x1vvkbs xtlvy1s\">In questo contesto Umberto (Cerretani) e Giuseppe (Cerquetti), ventenni partigiani e militari disertori, progettano un agguato a villa Passerini, sede comunale provvisoria dopo l&#8217;occupazione dei nazisti. Una voce corre in paese: i fascisti locali stanno per fuggire verso nord prima dei tedeschi e i due decidono alla svelta di salutarli a modo loro.<\/div>\n<div class=\"x11i5rnm xat24cr x1mh8g0r x1vvkbs xtlvy1s\">Ma qualcosa non va, forse un&#8217;imprudenza o probabilmente una soffiata, li porta a essere vittime loro stessi di un&#8217;imboscata. Umberto muore colpito alle spalle, Giuseppe riesce a scappare.<br class=\"html-br\" \/>Un&#8217;ascia di guerra seppellita a pochi passi dalle nostre case.<\/div>\n<div class=\"x11i5rnm xat24cr x1mh8g0r x1vvkbs xtlvy1s\">Una memoria divisiva.<br class=\"html-br\" \/>Come solo la guerra di Liberazione e i 25 Aprile, senza dissociazioni, dovrebbero essere ricordati.<\/div>\n<div class=\"x11i5rnm xat24cr x1mh8g0r x1vvkbs xtlvy1s\">&#8212;&#8212;&#8212;&#8212;&#8212;&#8212;&#8212;&#8212;&#8212;&#8212;&#8212;&#8212;&#8212;&#8212;&#8212;&#8212;&#8212;&#8212;&#8212;&#8212;&#8212;&#8211;<br class=\"html-br\" \/>Porto San Giorgio 25 Aprile 2025 nei Luoghi della Resistenza<\/div>\n<div class=\"x11i5rnm xat24cr x1mh8g0r x1vvkbs xtlvy1s\">In ricordo del Partigiano Umberto Cerretani<\/div>\n<div class=\"x11i5rnm xat24cr x1mh8g0r x1vvkbs xtlvy1s\">&#8211; ore 11:30 ritrovo a Piazza Torino, angolo via Milano\/viale dei Pini. Il luogo dell&#8217;omicidio di Umberto Cerretani \u00e8 in via San Francesco D&#8217;Assisi, distanza 600mt<\/div>\n<div class=\"x11i5rnm xat24cr x1mh8g0r x1vvkbs xtlvy1s\">Importante:<br class=\"html-br\" \/>Per chi vuole venire in macchina consigliamo di lasciarla in Via Giuliano Da San Gallo e proseguire per gli ultimi 100mt a piedi.<br class=\"html-br\" \/>\u00c8 una strada stretta di campagna, non \u00e8 possibile parcheggiare.<\/div>\n","protected":false},"excerpt":{"rendered":"<p>Resistere alla guerraDisarmare l&#8217;Europa Il 25 aprile non \u00e8 solo una data da celebrare, ma un appello alla Resistenza. Ricordiamo<\/p>\n","protected":false},"author":1,"featured_media":5011,"template":"","meta":{"colormag_page_container_layout":"default_layout","colormag_page_sidebar_layout":"default_layout","h5ap_radio_sources":[],"_tribe_events_status":"","_tribe_events_status_reason":"","footnotes":""},"tags":[],"tribe_events_cat":[],"class_list":["post-5010","tribe_events","type-tribe_events","status-publish","has-post-thumbnail","hentry"],"_links":{"self":[{"href":"https:\/\/www.glomeda.org\/index.php\/wp-json\/wp\/v2\/tribe_events\/5010","targetHints":{"allow":["GET"]}}],"collection":[{"href":"https:\/\/www.glomeda.org\/index.php\/wp-json\/wp\/v2\/tribe_events"}],"about":[{"href":"https:\/\/www.glomeda.org\/index.php\/wp-json\/wp\/v2\/types\/tribe_events"}],"author":[{"embeddable":true,"href":"https:\/\/www.glomeda.org\/index.php\/wp-json\/wp\/v2\/users\/1"}],"version-history":[{"count":1,"href":"https:\/\/www.glomeda.org\/index.php\/wp-json\/wp\/v2\/tribe_events\/5010\/revisions"}],"predecessor-version":[{"id":5012,"href":"https:\/\/www.glomeda.org\/index.php\/wp-json\/wp\/v2\/tribe_events\/5010\/revisions\/5012"}],"wp:featuredmedia":[{"embeddable":true,"href":"https:\/\/www.glomeda.org\/index.php\/wp-json\/wp\/v2\/media\/5011"}],"wp:attachment":[{"href":"https:\/\/www.glomeda.org\/index.php\/wp-json\/wp\/v2\/media?parent=5010"}],"wp:term":[{"taxonomy":"post_tag","embeddable":true,"href":"https:\/\/www.glomeda.org\/index.php\/wp-json\/wp\/v2\/tags?post=5010"},{"taxonomy":"tribe_events_cat","embeddable":true,"href":"https:\/\/www.glomeda.org\/index.php\/wp-json\/wp\/v2\/tribe_events_cat?post=5010"}],"curies":[{"name":"wp","href":"https:\/\/api.w.org\/{rel}","templated":true}]}}

<div class="xdj266r x11i5rnm xat24cr x1mh8g0r x1vvkbs">Resistere alla guerra<br class="html-br" />Disarmare l&#8217;Europa</div>
<div class="x11i5rnm xat24cr x1mh8g0r x1vvkbs xtlvy1s">Il 25 aprile non è solo una data da celebrare, ma un appello alla Resistenza. Ricordiamo chi ha scelto di schierarsi contro il fascismo e la guerra.</div>
<div class="x11i5rnm xat24cr x1mh8g0r x1vvkbs xtlvy1s">Oggi la guerra non è solo nei conflitti armati: è un sistema che si rafforza con il riarmo europeo e con la crescita delle spese militari, mentre si tagliano sanità, scuola, casa e lavoro.</div>
<div class="x11i5rnm xat24cr x1mh8g0r x1vvkbs xtlvy1s">La militarizzazione dell’Europa è parte di un progetto globale. Netanyahu, Putin, Trump, Unione Europea: nomi e nazionalismi diversi, stessa logica di potere e profitto, fondata sulla predazione tra imperi e con il diritto esclusivo della violenza. Anche la sinistra “progressista” si adegua, sostenendo il riarmo in nome della “sicurezza” e dell’“unità” europea. Con le stesse parole con cui un tempo condannava la guerra, oggi questa classe politica logora e avvizzita la giustifica.</div>
<div class="x11i5rnm xat24cr x1mh8g0r x1vvkbs xtlvy1s">Ma la guerra non è solo questione di eserciti. Anche la devastazione ambientale è una guerra continua, alimentata dalle industrie fossili e da quelle belliche: due facce dello stesso sistema che ci sfrutta e ci porta al collasso. La crisi climatica è il prodotto di un capitalismo che distrugge senza limiti.</div>
<div class="x11i5rnm xat24cr x1mh8g0r x1vvkbs xtlvy1s">E nel cuore di questa violenza globale c’è il genocidio in Palestina. Uno stato armato e sostenuto dalle potenze occidentali nel suo progetto coloniale di insediamento e pulizia etnica, che bombarda, occupa, reprime e cancella ogni diritto del popolo palestinese. La Resistenza palestinese è parte di questa lotta globale contro l’oppressione.</div>
<div class="x11i5rnm xat24cr x1mh8g0r x1vvkbs xtlvy1s">Siamo con chi sceglie la diserzione, con chi rifiuta l’ordine che alimenta le guerre per mantenere le disuguaglianze. La nostra Resistenza vive ogni volta che qualcuno si oppone a questo sistema. E oggi, con il Decreto Sicurezza 1660, chi lo fa viene sempre più colpito: il dissenso è criminalizzato, chi occupa, manifesta o rivendica diritti è trattato da nemico.</div>
<div class="x11i5rnm xat24cr x1mh8g0r x1vvkbs xtlvy1s">Disertare oggi significa resistere. E il nostro 25 aprile è dalla parte di chi diserta.</div>
<div class="x11i5rnm xat24cr x1mh8g0r x1vvkbs xtlvy1s">Csa Officina Trenino 211<br class="html-br" />Collettivo Autonomo Stedentesco Argali<br class="html-br" />&#8212;&#8212;&#8212;&#8212;&#8212;&#8212;&#8212;&#8212;&#8212;&#8212;&#8212;&#8212;&#8212;&#8212;&#8212;&#8212;&#8212;&#8212;&#8212;&#8212;&#8212;&#8212;&#8212;</div>
<div class="x11i5rnm xat24cr x1mh8g0r x1vvkbs xtlvy1s"><span class="html-span xexx8yu x4uap5 x18d9i69 xkhd6sd x1hl2dhg x16tdsg8 x1vvkbs x3nfvp2 x1j61x8r x1fcty0u xdj266r xat24cr xgzva0m xhhsvwb xxymvpz xlup9mm x1kky2od"><img loading="lazy" decoding="async" class="xz74otr x168nmei x13lgxp2 x5pf9jr xo71vjh" src="https://static.xx.fbcdn.net/images/emoji.php/v9/t6e/1/16/1f534.png" alt="🔴" width="16" height="16" /></span>25 Aprile nei luoghi della Resistenza<span class="html-span xexx8yu x4uap5 x18d9i69 xkhd6sd x1hl2dhg x16tdsg8 x1vvkbs x3nfvp2 x1j61x8r x1fcty0u xdj266r xat24cr xgzva0m xhhsvwb xxymvpz xlup9mm x1kky2od"><img loading="lazy" decoding="async" class="xz74otr x168nmei x13lgxp2 x5pf9jr xo71vjh" src="https://static.xx.fbcdn.net/images/emoji.php/v9/t6e/1/16/1f534.png" alt="🔴" width="16" height="16" /></span><br class="html-br" />Porto San Giorgio 13 Giugno 1944</div>
<div class="x11i5rnm xat24cr x1mh8g0r x1vvkbs xtlvy1s">L&#8217;esercito polacco è a poche decine di chilometri, entreranno in paese una settimana dopo.</div>
<div class="x11i5rnm xat24cr x1mh8g0r x1vvkbs xtlvy1s">Tra i tedeschi c&#8217;è aria di smobilitazione, tra i fascisti invece c&#8217;è nervosismo e paura, ne sono consapevoli: le bande partigiane del territorio sono in fermento e loro, protagonisti di violenze e omicidi per troppo tempo, la dovranno pagare cara.</div>
<div class="x11i5rnm xat24cr x1mh8g0r x1vvkbs xtlvy1s">In questo contesto Umberto (Cerretani) e Giuseppe (Cerquetti), ventenni partigiani e militari disertori, progettano un agguato a villa Passerini, sede comunale provvisoria dopo l&#8217;occupazione dei nazisti. Una voce corre in paese: i fascisti locali stanno per fuggire verso nord prima dei tedeschi e i due decidono alla svelta di salutarli a modo loro.</div>
<div class="x11i5rnm xat24cr x1mh8g0r x1vvkbs xtlvy1s">Ma qualcosa non va, forse un&#8217;imprudenza o probabilmente una soffiata, li porta a essere vittime loro stessi di un&#8217;imboscata. Umberto muore colpito alle spalle, Giuseppe riesce a scappare.<br class="html-br" />Un&#8217;ascia di guerra seppellita a pochi passi dalle nostre case.</div>
<div class="x11i5rnm xat24cr x1mh8g0r x1vvkbs xtlvy1s">Una memoria divisiva.<br class="html-br" />Come solo la guerra di Liberazione e i 25 Aprile, senza dissociazioni, dovrebbero essere ricordati.</div>
<div class="x11i5rnm xat24cr x1mh8g0r x1vvkbs xtlvy1s">&#8212;&#8212;&#8212;&#8212;&#8212;&#8212;&#8212;&#8212;&#8212;&#8212;&#8212;&#8212;&#8212;&#8212;&#8212;&#8212;&#8212;&#8212;&#8212;&#8212;&#8212;&#8211;<br class="html-br" />Porto San Giorgio 25 Aprile 2025 nei Luoghi della Resistenza</div>
<div class="x11i5rnm xat24cr x1mh8g0r x1vvkbs xtlvy1s">In ricordo del Partigiano Umberto Cerretani</div>
<div class="x11i5rnm xat24cr x1mh8g0r x1vvkbs xtlvy1s">&#8211; ore 11:30 ritrovo a Piazza Torino, angolo via Milano/viale dei Pini. Il luogo dell&#8217;omicidio di Umberto Cerretani è in via San Francesco D&#8217;Assisi, distanza 600mt</div>
<div class="x11i5rnm xat24cr x1mh8g0r x1vvkbs xtlvy1s">Importante:<br class="html-br" />Per chi vuole venire in macchina consigliamo di lasciarla in Via Giuliano Da San Gallo e proseguire per gli ultimi 100mt a piedi.<br class="html-br" />È una strada stretta di campagna, non è possibile parcheggiare.</div>

<p>Resistere alla guerraDisarmare l&#8217;Europa Il 25 aprile non è solo una data da celebrare, ma un appello alla Resistenza. Ricordiamo</p>
