{"id":4649,"date":"2025-02-04T20:48:16","date_gmt":"2025-02-04T19:48:16","guid":{"rendered":"https:\/\/www.glomeda.org\/?post_type=tribe_events&#038;p=4649"},"modified":"2025-02-04T20:48:57","modified_gmt":"2025-02-04T19:48:57","slug":"falconara-marittima-an-fermiamo-il-disastro-ambientale-assemblea-generale","status":"publish","type":"tribe_events","link":"https:\/\/www.glomeda.org\/index.php\/event\/falconara-marittima-an-fermiamo-il-disastro-ambientale-assemblea-generale\/","title":{"rendered":"Falconara Marittima (An) &#8211; &#8216;Fermiamo Il Disastro Ambientale&#8217; Assemblea generale"},"content":{"rendered":"<div class=\"xdj266r x11i5rnm xat24cr x1mh8g0r x1vvkbs x126k92a\">\n<div dir=\"auto\">Dopo la chiusura della fase preliminare e il rinvio a giudizio dello scorso luglio del processo per Disastro Ambientale a carico della Raffineria Api ed altri imputati, questo mercoled\u00ec finalmente ripartono le udienze.<\/div>\n<div dir=\"auto\">Ma oltre ed insieme al versante giudiziario abbiamo attraversato lungo tutto il 2024 una fase di mobilitazione straordinaria, fatta di manifestazioni, presidi, assemblee popolari, controinformazione, alimentata dalla partecipazione di tante e tanti.<\/div>\n<div dir=\"auto\">E questo gigantesco lavoro collettivo ha prodotto risultati tangibili: quel sistema di potere pubblico\/privato fatto di omissioni, deroghe, proroghe e quant\u2019altro, che per anni ha consentito di continuare il business as usual della raffinazione oltre ogni compatibilit\u00e0 ambientale e sanitaria, \u00e8 stato scoperchiato, inceppato, attaccato nella sua consuetudinaria ineluttabilit\u00e0 di fatto.<\/div>\n<div dir=\"auto\"><\/div>\n<div dir=\"auto\">Le esalazioni odorigene inquinanti, il fenomeno pi\u00f9 percepibile del disastro ambientale in atto, nell\u2019arco dell\u2019ultimo anno sembrano diminuite, rispetto al picco dei 112 giorni coperti dalle 24 comunicazioni ufficiali Comune\/Azienda, costretti dalle segnalazioni di massa del 2023.<\/div>\n<div dir=\"auto\">Sono stati accesi ingenti investimenti per l\u2019applicazione delle migliori tecnologie disponibili nello stoccaggio e movimentazione degli idrocarburi, nel trattamento delle acque reflue e dei rifiuti, per abbattere le emissioni fuggitive e non. Non per bont\u00e0 del petrolchimico e per lo zelo degli enti di controllo, ma per la pressione generalizzata che siamo riusciti a creare e ad imporre al centro dell\u2019attenzione, e che dobbiamo continuare ad alimentare in questo nuovo contesto.<\/div>\n<div dir=\"auto\">Successi parziali che coscientemente rivendichiamo, ma che oggettivamente non sono sufficienti.<\/div>\n<div dir=\"auto\">Anche perch\u00e9 ben sappiamo che la contaminazione quasi irreversibile di questo disastro ambientale \u201cperdurante\u201d non attiene solo ai fenomeni odorigeni ma a tutte le altre matrici ambientali: suolo, sottosuolo, acque marine e di falda, che le misure di bonifica operative e in emergenza sono purtroppo inadeguate, che il danno prodotto oltre all\u2019ecosistema coinvolge la pubblica incolumit\u00e0 delle migliaia di persone che abitano questo territorio, che il riesame parziale dell\u2019autorizzazione integrata ambientale della raffineria ancora in corso presenta criticit\u00e0 e istanze inevase, che c\u2019\u00e8 ancora tanto da fare\u2026<\/div>\n<div dir=\"auto\"><\/div>\n<div dir=\"auto\">In questo momento cruciale di <span class=\"html-span xdj266r x11i5rnm xat24cr x1mh8g0r xexx8yu x4uap5 x18d9i69 xkhd6sd x1hl2dhg x16tdsg8 x1vvkbs\">#fermiamoildisastroambientale<\/span> sono tante le prospettive da condividere, le proposte da praticare, le necessit\u00e0 da coprire. E come sempre non troviamo altra soluzione che rivederci in Assemblea Generale per proporre, parlare, ascoltare.<\/div>\n<div dir=\"auto\">Ci vediamo questo sabato, 8 febbraio dalle 16.30 come sempre in zona Galleria di via Bixio a Falconara centro.<\/div>\n<div dir=\"auto\"><\/div>\n<\/div>\n<div class=\"x11i5rnm xat24cr x1mh8g0r x1vvkbs xtlvy1s x126k92a\">\n<div dir=\"auto\"><span class=\"html-span xdj266r x11i5rnm xat24cr x1mh8g0r xexx8yu x4uap5 x18d9i69 xkhd6sd x1hl2dhg x16tdsg8 x1vvkbs\">#fermiamoildisastroambientale<\/span><\/div>\n<div dir=\"auto\"><\/div>\n<\/div>\n<div class=\"x11i5rnm xat24cr x1mh8g0r x1vvkbs xtlvy1s x126k92a\">\n<div dir=\"auto\">\u201cTali reiterate condotte, motivate dalla volont\u00e0 di non compromettere l\u2019attivit\u00e0 produttiva, risparmiando gli ingenti costi per l\u2019ispezione, la manutenzione e l\u2019adeguamento dei serbatoi e degli impianti\u2026concorrevano a generare un\u2019alterazione delle matrici ambientali di varie aree della Raffineria e un processo di diffusione incontrollata nell\u2019ecosistema di inquinanti pericolosi per l\u2019ambiente e per l\u2019uomo, in sintesi un quadro di disastro ambientale. In Falconara Marittima (Ancona) dall\u2019anno 2017 al mese di giugno 2022, con effetti perduranti\u201d<\/div>\n<\/div>\n","protected":false},"excerpt":{"rendered":"<p>Dopo la chiusura della fase preliminare e il rinvio a giudizio dello scorso luglio del processo per Disastro Ambientale a<\/p>\n","protected":false},"author":1,"featured_media":4650,"template":"","meta":{"colormag_page_container_layout":"default_layout","colormag_page_sidebar_layout":"default_layout","h5ap_radio_sources":[],"_tribe_events_status":"","_tribe_events_status_reason":"","footnotes":""},"tags":[],"tribe_events_cat":[],"class_list":["post-4649","tribe_events","type-tribe_events","status-publish","has-post-thumbnail","hentry"],"_links":{"self":[{"href":"https:\/\/www.glomeda.org\/index.php\/wp-json\/wp\/v2\/tribe_events\/4649","targetHints":{"allow":["GET"]}}],"collection":[{"href":"https:\/\/www.glomeda.org\/index.php\/wp-json\/wp\/v2\/tribe_events"}],"about":[{"href":"https:\/\/www.glomeda.org\/index.php\/wp-json\/wp\/v2\/types\/tribe_events"}],"author":[{"embeddable":true,"href":"https:\/\/www.glomeda.org\/index.php\/wp-json\/wp\/v2\/users\/1"}],"version-history":[{"count":2,"href":"https:\/\/www.glomeda.org\/index.php\/wp-json\/wp\/v2\/tribe_events\/4649\/revisions"}],"predecessor-version":[{"id":4652,"href":"https:\/\/www.glomeda.org\/index.php\/wp-json\/wp\/v2\/tribe_events\/4649\/revisions\/4652"}],"wp:featuredmedia":[{"embeddable":true,"href":"https:\/\/www.glomeda.org\/index.php\/wp-json\/wp\/v2\/media\/4650"}],"wp:attachment":[{"href":"https:\/\/www.glomeda.org\/index.php\/wp-json\/wp\/v2\/media?parent=4649"}],"wp:term":[{"taxonomy":"post_tag","embeddable":true,"href":"https:\/\/www.glomeda.org\/index.php\/wp-json\/wp\/v2\/tags?post=4649"},{"taxonomy":"tribe_events_cat","embeddable":true,"href":"https:\/\/www.glomeda.org\/index.php\/wp-json\/wp\/v2\/tribe_events_cat?post=4649"}],"curies":[{"name":"wp","href":"https:\/\/api.w.org\/{rel}","templated":true}]}}

<div class="xdj266r x11i5rnm xat24cr x1mh8g0r x1vvkbs x126k92a">
<div dir="auto">Dopo la chiusura della fase preliminare e il rinvio a giudizio dello scorso luglio del processo per Disastro Ambientale a carico della Raffineria Api ed altri imputati, questo mercoledì finalmente ripartono le udienze.</div>
<div dir="auto">Ma oltre ed insieme al versante giudiziario abbiamo attraversato lungo tutto il 2024 una fase di mobilitazione straordinaria, fatta di manifestazioni, presidi, assemblee popolari, controinformazione, alimentata dalla partecipazione di tante e tanti.</div>
<div dir="auto">E questo gigantesco lavoro collettivo ha prodotto risultati tangibili: quel sistema di potere pubblico/privato fatto di omissioni, deroghe, proroghe e quant’altro, che per anni ha consentito di continuare il business as usual della raffinazione oltre ogni compatibilità ambientale e sanitaria, è stato scoperchiato, inceppato, attaccato nella sua consuetudinaria ineluttabilità di fatto.</div>
<div dir="auto"></div>
<div dir="auto">Le esalazioni odorigene inquinanti, il fenomeno più percepibile del disastro ambientale in atto, nell’arco dell’ultimo anno sembrano diminuite, rispetto al picco dei 112 giorni coperti dalle 24 comunicazioni ufficiali Comune/Azienda, costretti dalle segnalazioni di massa del 2023.</div>
<div dir="auto">Sono stati accesi ingenti investimenti per l’applicazione delle migliori tecnologie disponibili nello stoccaggio e movimentazione degli idrocarburi, nel trattamento delle acque reflue e dei rifiuti, per abbattere le emissioni fuggitive e non. Non per bontà del petrolchimico e per lo zelo degli enti di controllo, ma per la pressione generalizzata che siamo riusciti a creare e ad imporre al centro dell’attenzione, e che dobbiamo continuare ad alimentare in questo nuovo contesto.</div>
<div dir="auto">Successi parziali che coscientemente rivendichiamo, ma che oggettivamente non sono sufficienti.</div>
<div dir="auto">Anche perché ben sappiamo che la contaminazione quasi irreversibile di questo disastro ambientale “perdurante” non attiene solo ai fenomeni odorigeni ma a tutte le altre matrici ambientali: suolo, sottosuolo, acque marine e di falda, che le misure di bonifica operative e in emergenza sono purtroppo inadeguate, che il danno prodotto oltre all’ecosistema coinvolge la pubblica incolumità delle migliaia di persone che abitano questo territorio, che il riesame parziale dell’autorizzazione integrata ambientale della raffineria ancora in corso presenta criticità e istanze inevase, che c’è ancora tanto da fare…</div>
<div dir="auto"></div>
<div dir="auto">In questo momento cruciale di <span class="html-span xdj266r x11i5rnm xat24cr x1mh8g0r xexx8yu x4uap5 x18d9i69 xkhd6sd x1hl2dhg x16tdsg8 x1vvkbs">#fermiamoildisastroambientale</span> sono tante le prospettive da condividere, le proposte da praticare, le necessità da coprire. E come sempre non troviamo altra soluzione che rivederci in Assemblea Generale per proporre, parlare, ascoltare.</div>
<div dir="auto">Ci vediamo questo sabato, 8 febbraio dalle 16.30 come sempre in zona Galleria di via Bixio a Falconara centro.</div>
<div dir="auto"></div>
</div>
<div class="x11i5rnm xat24cr x1mh8g0r x1vvkbs xtlvy1s x126k92a">
<div dir="auto"><span class="html-span xdj266r x11i5rnm xat24cr x1mh8g0r xexx8yu x4uap5 x18d9i69 xkhd6sd x1hl2dhg x16tdsg8 x1vvkbs">#fermiamoildisastroambientale</span></div>
<div dir="auto"></div>
</div>
<div class="x11i5rnm xat24cr x1mh8g0r x1vvkbs xtlvy1s x126k92a">
<div dir="auto">“Tali reiterate condotte, motivate dalla volontà di non compromettere l’attività produttiva, risparmiando gli ingenti costi per l’ispezione, la manutenzione e l’adeguamento dei serbatoi e degli impianti…concorrevano a generare un’alterazione delle matrici ambientali di varie aree della Raffineria e un processo di diffusione incontrollata nell’ecosistema di inquinanti pericolosi per l’ambiente e per l’uomo, in sintesi un quadro di disastro ambientale. In Falconara Marittima (Ancona) dall’anno 2017 al mese di giugno 2022, con effetti perduranti”</div>
</div>
