{"id":3747,"date":"2024-09-05T14:24:22","date_gmt":"2024-09-05T12:24:22","guid":{"rendered":"https:\/\/www.glomeda.org\/?post_type=tribe_events&#038;p=3747"},"modified":"2024-09-05T14:28:45","modified_gmt":"2024-09-05T12:28:45","slug":"porto-san-giorgio-fm-la-citta-e-di-chi-labita-spopolamento-industria-turistica-e-impatto-ambientale-assemblea-pubblica","status":"publish","type":"tribe_events","link":"https:\/\/www.glomeda.org\/index.php\/event\/porto-san-giorgio-fm-la-citta-e-di-chi-labita-spopolamento-industria-turistica-e-impatto-ambientale-assemblea-pubblica\/","title":{"rendered":"Porto San Giorgio (Fm) &#8211; &#8216;La citt\u00e0 \u00e8 di chi l&#8217;abita: spopolamento, industria turistica e impatto ambientale&#8217; Assemblea pubblica"},"content":{"rendered":"<div class=\"html-div xdj266r x11i5rnm xat24cr x1mh8g0r xexx8yu x4uap5 x18d9i69 xkhd6sd\" dir=\"auto\">\n<div id=\":r4h2:\" class=\"x1l90r2v x1pi30zi x1swvt13 x1iorvi4\" data-ad-comet-preview=\"message\" data-ad-preview=\"message\">\n<div class=\"x78zum5 xdt5ytf xz62fqu x16ldp7u\">\n<div class=\"xu06os2 x1ok221b\">\n<div class=\"xdj266r x11i5rnm xat24cr x1mh8g0r x1vvkbs x126k92a\">\n<div dir=\"auto\">Assemblea Pubblica<\/div>\n<div dir=\"auto\">Mercoled\u00ec 11 settembre ore 21 &#8211; Piazza Matteotti.<\/div>\n<div dir=\"auto\"><\/div>\n<\/div>\n<div class=\"x11i5rnm xat24cr x1mh8g0r x1vvkbs xtlvy1s x126k92a\">\n<div dir=\"auto\">La citt\u00e0 \u00e8 di chi l&#8217;abita:<\/div>\n<div dir=\"auto\">Spopolamento, industria turistica e impatto ambientale.<\/div>\n<div dir=\"auto\"><\/div>\n<\/div>\n<\/div>\n<div dir=\"auto\">\n<p><em>[Cambio indirizzo assemblea &#8211; Il Giardino d\u2019estate non \u00e8 disponibile per la nostra assemblea, o meglio non ne \u00e8 permesso l\u2019uso perch\u00e9 dato in concessione a privati da Agosto. Questo dopo essere stato abbandonato e chiuso per un anno e mezzo: tempismo perfetto. <\/em><em>Come ripetiamo da anni, uno spazio pubblico quando passa nelle mani di un privato con gare a ribasso non \u00e8 pi\u00f9 vivibile n\u00e9 fruibile per la comunit\u00e0 se non a pagamento o consumando.<\/em><\/p>\n<div class=\"x11i5rnm xat24cr x1mh8g0r x1vvkbs xtlvy1s x126k92a\">\n<div dir=\"auto\"><em>Ed \u00e8 proprio questa l\u2019ideologia da scardinare.]<\/em><\/div>\n<\/div>\n<\/div>\n<div class=\"xu06os2 x1ok221b\">\n<div class=\"x11i5rnm xat24cr x1mh8g0r x1vvkbs xtlvy1s x126k92a\">\n<div dir=\"auto\">E\u2019 bastata una facile ricerca sulle piattaforme di affitti brevi per scoprire la novit\u00e0: a Porto San Giorgio una larga parte dell\u2019offerta \u00e8 inevasa per la settimana di ferragosto. Finiti i fasti del post-covid la citt\u00e0 a vocazione turistica \u00e8 mezza vuota.<\/div>\n<div dir=\"auto\"><\/div>\n<\/div>\n<div class=\"x11i5rnm xat24cr x1mh8g0r x1vvkbs xtlvy1s x126k92a\">\n<div dir=\"auto\">Recentemente \u00e8 stata pubblicata una stima degli airbnb in Italia, 12000 nelle Marche, l\u2019anno scorso noi contavamo oltre 1000 annunci a PSG, significa che nella nostra regione un appartamento sottratto alla residenza ogni dodici \u00e8 nella nostra citt\u00e0. Prima che l\u2019ulteriore albergo chiudesse quest\u2019inverno, in citt\u00e0 c\u2019erano 1200 posti letto ufficiali, a fronte di migliaia di posti letto in appartamenti microscopici, spesso malmessi, a costi folli.<\/div>\n<div dir=\"auto\">Niente di strano che siano vuoti, come mezza vuota \u00e8 la spiaggia: la citt\u00e0 \u00e8 costosa, senza pi\u00f9 particolari motivi che la rendono preferibile a mille altri luoghi che hanno fatto lo stesso percorso di svendita al ribasso, ed \u00e8 estremamente rumorosa la notte.<\/div>\n<div dir=\"auto\">A condizioni migliori, i turisti vanno altrove.<\/div>\n<div dir=\"auto\"><\/div>\n<\/div>\n<div class=\"x11i5rnm xat24cr x1mh8g0r x1vvkbs xtlvy1s x126k92a\">\n<div dir=\"auto\">Nel frattempo risuona sempre lo stesso mantra, sia da chi amministra che da chi vorrebbe tornare ad amministrare: \u201cla gente vuole questo\u201d. Secondo costoro c\u2019\u00e8 il forte desiderio di una citt\u00e0 svuotata, che perde popolazione, il cui unico compito dell\u2019amministrazione \u00e8 facilitare gli affari di alcuni, senza chiedere un tributo per il suolo pubblico e spalmando i costi dei loro eventi in piazza sulla tari dei cittadini.<\/div>\n<div dir=\"auto\">Brigano per rendere il mercato coperto un altro luogo dedicato agli aperitivi, ma costoro sanno benissimo che tutta questa giostra porta solo lavoro sottopagato (c\u2019\u00e8 chi lavora in spiaggia di giorno o di notte a 2,5 euro l\u2019ora) e che la maggior parte degli utili prendono immediatamente il largo. Poteva durare?<\/div>\n<div dir=\"auto\"><\/div>\n<\/div>\n<div class=\"x11i5rnm xat24cr x1mh8g0r x1vvkbs xtlvy1s x126k92a\">\n<div dir=\"auto\">Purtroppo la lezione stenta ad essere appresa, perch\u00e9 chi non sa che altro fare, se non altro per inerzia, persevera. Non vi \u00e8 dubbio, ascoltando con dolore quel che si dice nei consigli comunali, nei quali l\u2019opposizione rivendica alla maggioranza di averle rubato idee assolutamente negative e controproducenti, che s\u2019insister\u00e0 su un modello fallimentare. L\u2019amministrazione ha in programma di mettere mano al piano di spiaggia, ha il compito di scrivere un regolamento per le gare di assegnazione delle concessioni, ha rivelato l\u2019intenzione di redarre un piano regolatore e a breve ricomincer\u00e0 a tagliare tamerici dopo il grande successo del parcheggio che ha messo al loro posto.<\/div>\n<\/div>\n<div class=\"x11i5rnm xat24cr x1mh8g0r x1vvkbs xtlvy1s x126k92a\">\n<div dir=\"auto\">Pensare che un piccolo bottegaio confuso e la sua compagine di mediocri possa mettere le mani su questi temi senza che la popolazione vigili, \u00e8 una ricetta sicura per l\u2019avvitamento definitivo, sociale ed economico, della citt\u00e0 dove siamo cresciuti.<\/div>\n<div dir=\"auto\"><\/div>\n<\/div>\n<div class=\"x11i5rnm xat24cr x1mh8g0r x1vvkbs xtlvy1s x126k92a\">\n<div dir=\"auto\">Per questo motivo a Settembre vogliamo indire una vera assemblea pubblica, non al Centro Sociale Autogestito Officina Trenino ma al Giardino D\u2019Estate, questa volta non chiamiamo nessun esperto a spiegarci quello che \u00e8 ormai ovvio a tutti.<\/div>\n<div dir=\"auto\"><\/div>\n<\/div>\n<div class=\"x11i5rnm xat24cr x1mh8g0r x1vvkbs xtlvy1s x126k92a\">\n<div dir=\"auto\">Siamo parecchio stufi di essere trattati come gli unici che s\u2019interessano di urbanistica a Porto San Giorgio, tale materia dimenticata nasce proprio allo scopo di disegnare le citt\u00e0 in modo che siano pi\u00f9 giuste, la giustizia sociale \u00e8 proprio quello che le rende in grado di prosperare. Se la popolazione non sar\u00e0 in grado d\u2019impegnarsi in proprio e costruire una massa critica che difenda la propria citt\u00e0, finir\u00e0 per perderla.<\/div>\n<div dir=\"auto\"><\/div>\n<\/div>\n<div class=\"x11i5rnm xat24cr x1mh8g0r x1vvkbs xtlvy1s x126k92a\">\n<div dir=\"auto\">Vogliamo usare il giardino d\u2019estate per discutere la situazione della citt\u00e0 insieme ai suoi abitanti e immaginare un percorso differente. Facciamo appello da ora per l\u2019organizzazione collettiva dell\u2019assemblea, che sar\u00e0 mercoled\u00ec 11 Settembre alle ore 21 in Piazza Matteotti.<\/div>\n<\/div>\n<\/div>\n<\/div>\n<\/div>\n<\/div>\n","protected":false},"excerpt":{"rendered":"<p>Assemblea Pubblica Mercoled\u00ec 11 settembre ore 21 &#8211; Piazza Matteotti. La citt\u00e0 \u00e8 di chi l&#8217;abita: Spopolamento, industria turistica e<\/p>\n","protected":false},"author":1,"featured_media":3748,"template":"","meta":{"colormag_page_container_layout":"default_layout","colormag_page_sidebar_layout":"default_layout","h5ap_radio_sources":[],"_tribe_events_status":"","_tribe_events_status_reason":"","footnotes":""},"tags":[],"tribe_events_cat":[],"class_list":["post-3747","tribe_events","type-tribe_events","status-publish","has-post-thumbnail","hentry"],"_links":{"self":[{"href":"https:\/\/www.glomeda.org\/index.php\/wp-json\/wp\/v2\/tribe_events\/3747","targetHints":{"allow":["GET"]}}],"collection":[{"href":"https:\/\/www.glomeda.org\/index.php\/wp-json\/wp\/v2\/tribe_events"}],"about":[{"href":"https:\/\/www.glomeda.org\/index.php\/wp-json\/wp\/v2\/types\/tribe_events"}],"author":[{"embeddable":true,"href":"https:\/\/www.glomeda.org\/index.php\/wp-json\/wp\/v2\/users\/1"}],"version-history":[{"count":3,"href":"https:\/\/www.glomeda.org\/index.php\/wp-json\/wp\/v2\/tribe_events\/3747\/revisions"}],"predecessor-version":[{"id":3752,"href":"https:\/\/www.glomeda.org\/index.php\/wp-json\/wp\/v2\/tribe_events\/3747\/revisions\/3752"}],"wp:featuredmedia":[{"embeddable":true,"href":"https:\/\/www.glomeda.org\/index.php\/wp-json\/wp\/v2\/media\/3748"}],"wp:attachment":[{"href":"https:\/\/www.glomeda.org\/index.php\/wp-json\/wp\/v2\/media?parent=3747"}],"wp:term":[{"taxonomy":"post_tag","embeddable":true,"href":"https:\/\/www.glomeda.org\/index.php\/wp-json\/wp\/v2\/tags?post=3747"},{"taxonomy":"tribe_events_cat","embeddable":true,"href":"https:\/\/www.glomeda.org\/index.php\/wp-json\/wp\/v2\/tribe_events_cat?post=3747"}],"curies":[{"name":"wp","href":"https:\/\/api.w.org\/{rel}","templated":true}]}}

Porto San Giorgio (Fm) &#8211; &#8216;La città è di chi l&#8217;abita: spopolamento, industria turistica e impatto ambientale&#8217; Assemblea pubblica

<div class="html-div xdj266r x11i5rnm xat24cr x1mh8g0r xexx8yu x4uap5 x18d9i69 xkhd6sd" dir="auto">
<div id=":r4h2:" class="x1l90r2v x1pi30zi x1swvt13 x1iorvi4" data-ad-comet-preview="message" data-ad-preview="message">
<div class="x78zum5 xdt5ytf xz62fqu x16ldp7u">
<div class="xu06os2 x1ok221b">
<div class="xdj266r x11i5rnm xat24cr x1mh8g0r x1vvkbs x126k92a">
<div dir="auto">Assemblea Pubblica</div>
<div dir="auto">Mercoledì 11 settembre ore 21 &#8211; Piazza Matteotti.</div>
<div dir="auto"></div>
</div>
<div class="x11i5rnm xat24cr x1mh8g0r x1vvkbs xtlvy1s x126k92a">
<div dir="auto">La città è di chi l&#8217;abita:</div>
<div dir="auto">Spopolamento, industria turistica e impatto ambientale.</div>
<div dir="auto"></div>
</div>
</div>
<div dir="auto">
<p><em>[Cambio indirizzo assemblea &#8211; Il Giardino d’estate non è disponibile per la nostra assemblea, o meglio non ne è permesso l’uso perché dato in concessione a privati da Agosto. Questo dopo essere stato abbandonato e chiuso per un anno e mezzo: tempismo perfetto. </em><em>Come ripetiamo da anni, uno spazio pubblico quando passa nelle mani di un privato con gare a ribasso non è più vivibile né fruibile per la comunità se non a pagamento o consumando.</em></p>
<div class="x11i5rnm xat24cr x1mh8g0r x1vvkbs xtlvy1s x126k92a">
<div dir="auto"><em>Ed è proprio questa l’ideologia da scardinare.]</em></div>
</div>
</div>
<div class="xu06os2 x1ok221b">
<div class="x11i5rnm xat24cr x1mh8g0r x1vvkbs xtlvy1s x126k92a">
<div dir="auto">E’ bastata una facile ricerca sulle piattaforme di affitti brevi per scoprire la novità: a Porto San Giorgio una larga parte dell’offerta è inevasa per la settimana di ferragosto. Finiti i fasti del post-covid la città a vocazione turistica è mezza vuota.</div>
<div dir="auto"></div>
</div>
<div class="x11i5rnm xat24cr x1mh8g0r x1vvkbs xtlvy1s x126k92a">
<div dir="auto">Recentemente è stata pubblicata una stima degli airbnb in Italia, 12000 nelle Marche, l’anno scorso noi contavamo oltre 1000 annunci a PSG, significa che nella nostra regione un appartamento sottratto alla residenza ogni dodici è nella nostra città. Prima che l’ulteriore albergo chiudesse quest’inverno, in città c’erano 1200 posti letto ufficiali, a fronte di migliaia di posti letto in appartamenti microscopici, spesso malmessi, a costi folli.</div>
<div dir="auto">Niente di strano che siano vuoti, come mezza vuota è la spiaggia: la città è costosa, senza più particolari motivi che la rendono preferibile a mille altri luoghi che hanno fatto lo stesso percorso di svendita al ribasso, ed è estremamente rumorosa la notte.</div>
<div dir="auto">A condizioni migliori, i turisti vanno altrove.</div>
<div dir="auto"></div>
</div>
<div class="x11i5rnm xat24cr x1mh8g0r x1vvkbs xtlvy1s x126k92a">
<div dir="auto">Nel frattempo risuona sempre lo stesso mantra, sia da chi amministra che da chi vorrebbe tornare ad amministrare: “la gente vuole questo”. Secondo costoro c’è il forte desiderio di una città svuotata, che perde popolazione, il cui unico compito dell’amministrazione è facilitare gli affari di alcuni, senza chiedere un tributo per il suolo pubblico e spalmando i costi dei loro eventi in piazza sulla tari dei cittadini.</div>
<div dir="auto">Brigano per rendere il mercato coperto un altro luogo dedicato agli aperitivi, ma costoro sanno benissimo che tutta questa giostra porta solo lavoro sottopagato (c’è chi lavora in spiaggia di giorno o di notte a 2,5 euro l’ora) e che la maggior parte degli utili prendono immediatamente il largo. Poteva durare?</div>
<div dir="auto"></div>
</div>
<div class="x11i5rnm xat24cr x1mh8g0r x1vvkbs xtlvy1s x126k92a">
<div dir="auto">Purtroppo la lezione stenta ad essere appresa, perché chi non sa che altro fare, se non altro per inerzia, persevera. Non vi è dubbio, ascoltando con dolore quel che si dice nei consigli comunali, nei quali l’opposizione rivendica alla maggioranza di averle rubato idee assolutamente negative e controproducenti, che s’insisterà su un modello fallimentare. L’amministrazione ha in programma di mettere mano al piano di spiaggia, ha il compito di scrivere un regolamento per le gare di assegnazione delle concessioni, ha rivelato l’intenzione di redarre un piano regolatore e a breve ricomincerà a tagliare tamerici dopo il grande successo del parcheggio che ha messo al loro posto.</div>
</div>
<div class="x11i5rnm xat24cr x1mh8g0r x1vvkbs xtlvy1s x126k92a">
<div dir="auto">Pensare che un piccolo bottegaio confuso e la sua compagine di mediocri possa mettere le mani su questi temi senza che la popolazione vigili, è una ricetta sicura per l’avvitamento definitivo, sociale ed economico, della città dove siamo cresciuti.</div>
<div dir="auto"></div>
</div>
<div class="x11i5rnm xat24cr x1mh8g0r x1vvkbs xtlvy1s x126k92a">
<div dir="auto">Per questo motivo a Settembre vogliamo indire una vera assemblea pubblica, non al Centro Sociale Autogestito Officina Trenino ma al Giardino D’Estate, questa volta non chiamiamo nessun esperto a spiegarci quello che è ormai ovvio a tutti.</div>
<div dir="auto"></div>
</div>
<div class="x11i5rnm xat24cr x1mh8g0r x1vvkbs xtlvy1s x126k92a">
<div dir="auto">Siamo parecchio stufi di essere trattati come gli unici che s’interessano di urbanistica a Porto San Giorgio, tale materia dimenticata nasce proprio allo scopo di disegnare le città in modo che siano più giuste, la giustizia sociale è proprio quello che le rende in grado di prosperare. Se la popolazione non sarà in grado d’impegnarsi in proprio e costruire una massa critica che difenda la propria città, finirà per perderla.</div>
<div dir="auto"></div>
</div>
<div class="x11i5rnm xat24cr x1mh8g0r x1vvkbs xtlvy1s x126k92a">
<div dir="auto">Vogliamo usare il giardino d’estate per discutere la situazione della città insieme ai suoi abitanti e immaginare un percorso differente. Facciamo appello da ora per l’organizzazione collettiva dell’assemblea, che sarà mercoledì 11 Settembre alle ore 21 in Piazza Matteotti.</div>
</div>
</div>
</div>
</div>
</div>

<p>Assemblea Pubblica Mercoledì 11 settembre ore 21 &#8211; Piazza Matteotti. La città è di chi l&#8217;abita: Spopolamento, industria turistica e</p>
