{"id":2867,"date":"2024-02-07T18:45:50","date_gmt":"2024-02-07T17:45:50","guid":{"rendered":"https:\/\/www.glomeda.org\/index.php\/event\/jesi-spazio-mercato-m-a-a-a-a-5\/"},"modified":"2024-02-07T18:45:50","modified_gmt":"2024-02-07T17:45:50","slug":"jesi-spazio-mercato-m-a-a-a-a-5","status":"publish","type":"tribe_events","link":"https:\/\/www.glomeda.org\/index.php\/event\/jesi-spazio-mercato-m-a-a-a-a-5\/","title":{"rendered":"Jesi \u2013 Spazio Mercato M.A.A.A.A."},"content":{"rendered":"<p> Come ogni marted\u00ec continuano le aperture del Mercato \ud835\udc12\ud835\udc0f\ud835\udc00\ud835\udc19\ud835\udc08\ud835\udc0e \ud835\udc0c\ud835\udc04\ud835\udc11\ud835\udc02\ud835\udc00\ud835\udc13\ud835\udc0e \ud835\udc0c\ud835\udc00\ud835\udc00\ud835\udc00\ud835\udc00! \ud835\udc0c\ud835\udc1e\ud835\udc2b\ud835\udc1c\ud835\udc1a\ud835\udc2d\ud835\udc28 \ud835\udc00\ud835\udc20\ud835\udc2b\ud835\udc22\ud835\udc1c\ud835\udc28\ud835\udc25\ud835\udc28 \ud835\udc00\ud835\udc2b\ud835\udc2d\ud835\udc22\ud835\udc20\ud835\udc22\ud835\udc1a\ud835\udc27\ud835\udc28 \ud835\udc00\ud835\udc2e\ud835\udc2d\ud835\udc28\ud835\udc20\ud835\udc1e\ud835\udc2c\ud835\udc2d\ud835\udc22\ud835\udc2d\ud835\udc28 \ud835\udc00\ud835\udc27\ud835\udc2d\ud835\udc22\ud835\udc1c\ud835\udc1a\ud835\udc29\ud835\udc22\ud835\udc2d\ud835\udc1a\ud835\udc25\ud835\udc22\ud835\udc2c\ud835\udc2d\ud835\udc1a! \ud835\uddd7\ud835\uddee\ud835\uddf9\ud835\uddf9\ud835\uddf2 \ud835\udfed\ud835\udff3:\ud835\udfef\ud835\udfec \ud835\uddee\ud835\uddf9\ud835\uddf9\ud835\uddf2 \ud835\udfee\ud835\udfec:\ud835\udfef\ud835\udfec Cibo, artigianato, socialit\u00e0 e condivisione =============================== Lo spazio mercato \u00e8 un luogo dove poter costruire una comunit\u00e0 solidale e valorizzare l\u2019agricoltura e una produzione dal basso, sostenibile e su piccola scala. Un luogo per creare risposte concrete alla crisi economica, ambientale e sociale dei nostri giorni, valorizzando il territorio e le persone che ci lavorano prendendosene cura, promuovendo prodotti ma anche momenti d\u2019informazione sui principi condivisi di produzione! Un mercato sano, giusto e militante, in uno spazio antirazzista, anticapitalista, antifascista<\/p>\n","protected":false},"excerpt":{"rendered":"<p>Come ogni marted\u00ec continuano le aperture del Mercato \ud835\udc12\ud835\udc0f\ud835\udc00\ud835\udc19\ud835\udc08\ud835\udc0e \ud835\udc0c\ud835\udc04\ud835\udc11\ud835\udc02\ud835\udc00\ud835\udc13\ud835\udc0e \ud835\udc0c\ud835\udc00\ud835\udc00\ud835\udc00\ud835\udc00! \ud835\udc0c\ud835\udc1e\ud835\udc2b\ud835\udc1c\ud835\udc1a\ud835\udc2d\ud835\udc28 \ud835\udc00\ud835\udc20\ud835\udc2b\ud835\udc22\ud835\udc1c\ud835\udc28\ud835\udc25\ud835\udc28 \ud835\udc00\ud835\udc2b\ud835\udc2d\ud835\udc22\ud835\udc20\ud835\udc22\ud835\udc1a\ud835\udc27\ud835\udc28 \ud835\udc00\ud835\udc2e\ud835\udc2d\ud835\udc28\ud835\udc20\ud835\udc1e\ud835\udc2c\ud835\udc2d\ud835\udc22\ud835\udc2d\ud835\udc28 \ud835\udc00\ud835\udc27\ud835\udc2d\ud835\udc22\ud835\udc1c\ud835\udc1a\ud835\udc29\ud835\udc22\ud835\udc2d\ud835\udc1a\ud835\udc25\ud835\udc22\ud835\udc2c\ud835\udc2d\ud835\udc1a! \ud835\uddd7\ud835\uddee\ud835\uddf9\ud835\uddf9\ud835\uddf2 \ud835\udfed\ud835\udff3:\ud835\udfef\ud835\udfec \ud835\uddee\ud835\uddf9\ud835\uddf9\ud835\uddf2 \ud835\udfee\ud835\udfec:\ud835\udfef\ud835\udfec<\/p>\n","protected":false},"author":1,"featured_media":0,"template":"","meta":{"colormag_page_container_layout":"default_layout","colormag_page_sidebar_layout":"default_layout","h5ap_radio_sources":[],"_tribe_events_status":"","_tribe_events_status_reason":"","footnotes":""},"tags":[],"tribe_events_cat":[],"class_list":["post-2867","tribe_events","type-tribe_events","status-publish","hentry"],"_links":{"self":[{"href":"https:\/\/www.glomeda.org\/index.php\/wp-json\/wp\/v2\/tribe_events\/2867","targetHints":{"allow":["GET"]}}],"collection":[{"href":"https:\/\/www.glomeda.org\/index.php\/wp-json\/wp\/v2\/tribe_events"}],"about":[{"href":"https:\/\/www.glomeda.org\/index.php\/wp-json\/wp\/v2\/types\/tribe_events"}],"author":[{"embeddable":true,"href":"https:\/\/www.glomeda.org\/index.php\/wp-json\/wp\/v2\/users\/1"}],"version-history":[{"count":0,"href":"https:\/\/www.glomeda.org\/index.php\/wp-json\/wp\/v2\/tribe_events\/2867\/revisions"}],"wp:attachment":[{"href":"https:\/\/www.glomeda.org\/index.php\/wp-json\/wp\/v2\/media?parent=2867"}],"wp:term":[{"taxonomy":"post_tag","embeddable":true,"href":"https:\/\/www.glomeda.org\/index.php\/wp-json\/wp\/v2\/tags?post=2867"},{"taxonomy":"tribe_events_cat","embeddable":true,"href":"https:\/\/www.glomeda.org\/index.php\/wp-json\/wp\/v2\/tribe_events_cat?post=2867"}],"curies":[{"name":"wp","href":"https:\/\/api.w.org\/{rel}","templated":true}]}}

<p> Come ogni martedì continuano le aperture del Mercato 𝐒𝐏𝐀𝐙𝐈𝐎 𝐌𝐄𝐑𝐂𝐀𝐓𝐎 𝐌𝐀𝐀𝐀𝐀! 𝐌𝐞𝐫𝐜𝐚𝐭𝐨 𝐀𝐠𝐫𝐢𝐜𝐨𝐥𝐨 𝐀𝐫𝐭𝐢𝐠𝐢𝐚𝐧𝐨 𝐀𝐮𝐭𝐨𝐠𝐞𝐬𝐭𝐢𝐭𝐨 𝐀𝐧𝐭𝐢𝐜𝐚𝐩𝐢𝐭𝐚𝐥𝐢𝐬𝐭𝐚! 𝗗𝗮𝗹𝗹𝗲 𝟭𝟳:𝟯𝟬 𝗮𝗹𝗹𝗲 𝟮𝟬:𝟯𝟬 Cibo, artigianato, socialità e condivisione =============================== Lo spazio mercato è un luogo dove poter costruire una comunità solidale e valorizzare l’agricoltura e una produzione dal basso, sostenibile e su piccola scala. Un luogo per creare risposte concrete alla crisi economica, ambientale e sociale dei nostri giorni, valorizzando il territorio e le persone che ci lavorano prendendosene cura, promuovendo prodotti ma anche momenti d’informazione sui principi condivisi di produzione! Un mercato sano, giusto e militante, in uno spazio antirazzista, anticapitalista, antifascista</p>

<p>Come ogni martedì continuano le aperture del Mercato 𝐒𝐏𝐀𝐙𝐈𝐎 𝐌𝐄𝐑𝐂𝐀𝐓𝐎 𝐌𝐀𝐀𝐀𝐀! 𝐌𝐞𝐫𝐜𝐚𝐭𝐨 𝐀𝐠𝐫𝐢𝐜𝐨𝐥𝐨 𝐀𝐫𝐭𝐢𝐠𝐢𝐚𝐧𝐨 𝐀𝐮𝐭𝐨𝐠𝐞𝐬𝐭𝐢𝐭𝐨 𝐀𝐧𝐭𝐢𝐜𝐚𝐩𝐢𝐭𝐚𝐥𝐢𝐬𝐭𝐚! 𝗗𝗮𝗹𝗹𝗲 𝟭𝟳:𝟯𝟬 𝗮𝗹𝗹𝗲 𝟮𝟬:𝟯𝟬</p>
