{"id":2852,"date":"2024-02-07T18:45:19","date_gmt":"2024-02-07T17:45:19","guid":{"rendered":"https:\/\/www.glomeda.org\/index.php\/event\/senigallia-leuropa-in-camicia-nera-lestrema-destra-dagli-anni-novanta-a-oggi-presentazione-con-lautore-elia-rosati-arvultura\/"},"modified":"2024-02-07T18:45:19","modified_gmt":"2024-02-07T17:45:19","slug":"senigallia-leuropa-in-camicia-nera-lestrema-destra-dagli-anni-novanta-a-oggi-presentazione-con-lautore-elia-rosati-arvultura","status":"publish","type":"tribe_events","link":"https:\/\/www.glomeda.org\/index.php\/event\/senigallia-leuropa-in-camicia-nera-lestrema-destra-dagli-anni-novanta-a-oggi-presentazione-con-lautore-elia-rosati-arvultura\/","title":{"rendered":"Senigallia \u2013 \u2018L\u2019Europa in camicia nera. L\u2019estrema destra dagli anni Novanta a oggi\u2019 Presentazione con l\u2019autore Elia Rosati @ Arvultura"},"content":{"rendered":"<p> Date le modifiche cui \u00e8 andato incontro il concetto di destra nel mondo e nella storia, anche quello di estrema destra \u00e8 cambiato pi\u00f9 volte. Ne L\u2019Europa in camicia nera lo storico Elia Rosati prova a delineare come si siano evolute, trasformate o riorganizzate le destre radicali europeo-occidentali dagli anni Novanta a oggi. E ci\u00f2 ponendo in rilievo come le culture politiche neofasciste\/neonaziste, identitarie, reazionarie e tradizionaliste cattoliche abbiano affrontato e cavalcato l\u2019impatto dei fenomeni globali, della nascita dell\u2019Unione Europea e delle crisi economico-finanziarie sulla societ\u00e0 europea. Il risultato \u00e8 uno studio storico estremamente accurato e stimolante che guida il<\/p>\n","protected":false},"excerpt":{"rendered":"<p>Date le modifiche cui \u00e8 andato incontro il concetto di destra nel mondo e nella storia, anche quello di estrema<\/p>\n","protected":false},"author":1,"featured_media":0,"template":"","meta":{"colormag_page_container_layout":"default_layout","colormag_page_sidebar_layout":"default_layout","h5ap_radio_sources":[],"_tribe_events_status":"","_tribe_events_status_reason":"","footnotes":""},"tags":[],"tribe_events_cat":[],"class_list":["post-2852","tribe_events","type-tribe_events","status-publish","hentry"],"_links":{"self":[{"href":"https:\/\/www.glomeda.org\/index.php\/wp-json\/wp\/v2\/tribe_events\/2852","targetHints":{"allow":["GET"]}}],"collection":[{"href":"https:\/\/www.glomeda.org\/index.php\/wp-json\/wp\/v2\/tribe_events"}],"about":[{"href":"https:\/\/www.glomeda.org\/index.php\/wp-json\/wp\/v2\/types\/tribe_events"}],"author":[{"embeddable":true,"href":"https:\/\/www.glomeda.org\/index.php\/wp-json\/wp\/v2\/users\/1"}],"version-history":[{"count":0,"href":"https:\/\/www.glomeda.org\/index.php\/wp-json\/wp\/v2\/tribe_events\/2852\/revisions"}],"wp:attachment":[{"href":"https:\/\/www.glomeda.org\/index.php\/wp-json\/wp\/v2\/media?parent=2852"}],"wp:term":[{"taxonomy":"post_tag","embeddable":true,"href":"https:\/\/www.glomeda.org\/index.php\/wp-json\/wp\/v2\/tags?post=2852"},{"taxonomy":"tribe_events_cat","embeddable":true,"href":"https:\/\/www.glomeda.org\/index.php\/wp-json\/wp\/v2\/tribe_events_cat?post=2852"}],"curies":[{"name":"wp","href":"https:\/\/api.w.org\/{rel}","templated":true}]}}

<p> Date le modifiche cui è andato incontro il concetto di destra nel mondo e nella storia, anche quello di estrema destra è cambiato più volte. Ne L’Europa in camicia nera lo storico Elia Rosati prova a delineare come si siano evolute, trasformate o riorganizzate le destre radicali europeo-occidentali dagli anni Novanta a oggi. E ciò ponendo in rilievo come le culture politiche neofasciste/neonaziste, identitarie, reazionarie e tradizionaliste cattoliche abbiano affrontato e cavalcato l’impatto dei fenomeni globali, della nascita dell’Unione Europea e delle crisi economico-finanziarie sulla società europea. Il risultato è uno studio storico estremamente accurato e stimolante che guida il</p>

<p>Date le modifiche cui è andato incontro il concetto di destra nel mondo e nella storia, anche quello di estrema</p>
